{"id":3664,"date":"2018-07-10T19:21:45","date_gmt":"2018-07-10T17:21:45","guid":{"rendered":"https:\/\/www.kadetten-burgdorf.ch\/website\/?page_id=3664"},"modified":"2026-07-24T09:50:47","modified_gmt":"2026-07-24T07:50:47","slug":"burgdorfer-stadtlauf","status":"publish","type":"page","link":"https:\/\/www.kadetten-burgdorf.ch\/website\/?page_id=3664","title":{"rendered":"Burgdorfer Stadtlauf"},"content":{"rendered":"\n<p class=\"wp-block-paragraph\">Der Burgdorfer Stadtlauf ist \u00fcber die Stadt hinaus bekannt und zieht jedes Jahr unz\u00e4hlige L\u00e4uferinnen und L\u00e4ufer aus der n\u00e4heren und weiteren Umgebung an. Der Lauf hat einige H\u00f6hepunkte zu bieten. So f\u00fchrt die Strecke z. B. durch die Bar B5. Zum Abschluss steht der legend\u00e4re Sprint auf das Schloss an. Seit 2016 nehmen die Kadetten Burgdorf als Organisation an diesem Lauf teil. F\u00fcr jedes Alter gibt es geeignete Laufdistanzen. Diese liegen zwischen 650m und 5 km. Das Startgeld wird durch die Kadettenvereinigung \u00fcbernommen.<\/p>\n\n\n\n<hr class=\"wp-block-separator has-css-opacity is-style-wide\"\/>\n\n\n<style>.wp-block-kadence-iconlist.kt-svg-icon-list-items3664_e81020-cf:not(.this-stops-third-party-issues){margin-top:0px;margin-bottom:0px;}.wp-block-kadence-iconlist.kt-svg-icon-list-items3664_e81020-cf ul.kt-svg-icon-list:not(.this-prevents-issues):not(.this-stops-third-party-issues):not(.tijsloc){margin-top:0px;margin-right:0px;margin-bottom:10px;margin-left:0px;}.wp-block-kadence-iconlist.kt-svg-icon-list-items3664_e81020-cf ul.kt-svg-icon-list{grid-row-gap:20px;}.wp-block-kadence-iconlist.kt-svg-icon-list-items3664_e81020-cf ul.kt-svg-icon-list .kt-svg-icon-list-item-wrap .kt-svg-icon-list-single{margin-right:20px;}<\/style>\n<div class=\"wp-block-kadence-iconlist kt-svg-icon-list-items kt-svg-icon-list-items3664_e81020-cf kt-svg-icon-list-columns-1 alignnone\"><ul class=\"kt-svg-icon-list\"><style>.kt-svg-icon-list-item-3664_a5766c-4a .kt-svg-icon-list-single{font-size:20px !important;}.kt-svg-icon-list-item-3664_a5766c-4a .kt-svg-icon-list-text mark.kt-highlight{background-color:unset;font-style:normal;color:#f76a0c;-webkit-box-decoration-break:clone;box-decoration-break:clone;padding-top:0px;padding-right:0px;padding-bottom:0px;padding-left:0px;}<\/style>\n<li class=\"wp-block-kadence-listitem kt-svg-icon-list-item-wrap kt-svg-icon-list-item-3664_a5766c-4a kt-svg-icon-list-style-default\"><span class=\"kb-svg-icon-wrap kb-svg-icon-fas_calendar-alt kt-svg-icon-list-single\"><svg viewBox=\"0 0 448 512\"  fill=\"currentColor\" xmlns=\"http:\/\/www.w3.org\/2000\/svg\"  aria-hidden=\"true\"><path d=\"M436 160H12c-6.6 0-12-5.4-12-12v-36c0-26.5 21.5-48 48-48h48V12c0-6.6 5.4-12 12-12h40c6.6 0 12 5.4 12 12v52h128V12c0-6.6 5.4-12 12-12h40c6.6 0 12 5.4 12 12v52h48c26.5 0 48 21.5 48 48v36c0 6.6-5.4 12-12 12zM12 192h424c6.6 0 12 5.4 12 12v260c0 26.5-21.5 48-48 48H48c-26.5 0-48-21.5-48-48V204c0-6.6 5.4-12 12-12zm116 204c0-6.6-5.4-12-12-12H76c-6.6 0-12 5.4-12 12v40c0 6.6 5.4 12 12 12h40c6.6 0 12-5.4 12-12v-40zm0-128c0-6.6-5.4-12-12-12H76c-6.6 0-12 5.4-12 12v40c0 6.6 5.4 12 12 12h40c6.6 0 12-5.4 12-12v-40zm128 128c0-6.6-5.4-12-12-12h-40c-6.6 0-12 5.4-12 12v40c0 6.6 5.4 12 12 12h40c6.6 0 12-5.4 12-12v-40zm0-128c0-6.6-5.4-12-12-12h-40c-6.6 0-12 5.4-12 12v40c0 6.6 5.4 12 12 12h40c6.6 0 12-5.4 12-12v-40zm128 128c0-6.6-5.4-12-12-12h-40c-6.6 0-12 5.4-12 12v40c0 6.6 5.4 12 12 12h40c6.6 0 12-5.4 12-12v-40zm0-128c0-6.6-5.4-12-12-12h-40c-6.6 0-12 5.4-12 12v40c0 6.6 5.4 12 12 12h40c6.6 0 12-5.4 12-12v-40z\"\/><\/svg><\/span><span class=\"kt-svg-icon-list-text\">N\u00e4chster Burgdorfer Stadtlauf: Samstag, 5. September 2026<\/span><\/li>\n\n\n<style>.kt-svg-icon-list-item-3664_2e11d6-8a .kt-svg-icon-list-single{font-size:20px !important;}.kt-svg-icon-list-item-3664_2e11d6-8a .kt-svg-icon-list-text mark.kt-highlight{background-color:unset;font-style:normal;color:#f76a0c;-webkit-box-decoration-break:clone;box-decoration-break:clone;padding-top:0px;padding-right:0px;padding-bottom:0px;padding-left:0px;}<\/style>\n<li class=\"wp-block-kadence-listitem kt-svg-icon-list-item-wrap kt-svg-icon-list-item-3664_2e11d6-8a\"><span class=\"kb-svg-icon-wrap kb-svg-icon-fas_camera kt-svg-icon-list-single\"><svg viewBox=\"0 0 512 512\"  fill=\"currentColor\" xmlns=\"http:\/\/www.w3.org\/2000\/svg\"  aria-hidden=\"true\"><path d=\"M512 144v288c0 26.5-21.5 48-48 48H48c-26.5 0-48-21.5-48-48V144c0-26.5 21.5-48 48-48h88l12.3-32.9c7-18.7 24.9-31.1 44.9-31.1h125.5c20 0 37.9 12.4 44.9 31.1L376 96h88c26.5 0 48 21.5 48 48zM376 288c0-66.2-53.8-120-120-120s-120 53.8-120 120 53.8 120 120 120 120-53.8 120-120zm-32 0c0 48.5-39.5 88-88 88s-88-39.5-88-88 39.5-88 88-88 88 39.5 88 88z\"\/><\/svg><\/span><span class=\"kt-svg-icon-list-text\"><a href=\"https:\/\/www.flickr.com\/photos\/kadetten-burgdorf\/albums\/72177720328971503\/\" target=\"_blank\" rel=\"noreferrer noopener\">Fotos Burgdorfer Stadtlauf 2025<\/a><\/span><\/li>\n\n\n<style>.kt-svg-icon-list-item-3664_d947c8-d0 .kt-svg-icon-list-single{font-size:20px !important;}.kt-svg-icon-list-item-3664_d947c8-d0 .kt-svg-icon-list-text mark.kt-highlight{background-color:unset;font-style:normal;color:#f76a0c;-webkit-box-decoration-break:clone;box-decoration-break:clone;padding-top:0px;padding-right:0px;padding-bottom:0px;padding-left:0px;}<\/style>\n<li class=\"wp-block-kadence-listitem kt-svg-icon-list-item-wrap kt-svg-icon-list-item-3664_d947c8-d0\"><span class=\"kb-svg-icon-wrap kb-svg-icon-fas_laptop kt-svg-icon-list-single\"><svg viewBox=\"0 0 640 512\"  fill=\"currentColor\" xmlns=\"http:\/\/www.w3.org\/2000\/svg\"  aria-hidden=\"true\"><path d=\"M624 416H381.54c-.74 19.81-14.71 32-32.74 32H288c-18.69 0-33.02-17.47-32.77-32H16c-8.8 0-16 7.2-16 16v16c0 35.2 28.8 64 64 64h512c35.2 0 64-28.8 64-64v-16c0-8.8-7.2-16-16-16zM576 48c0-26.4-21.6-48-48-48H112C85.6 0 64 21.6 64 48v336h512V48zm-64 272H128V64h384v256z\"\/><\/svg><\/span><span class=\"kt-svg-icon-list-text\"><a href=\"https:\/\/burgdorfer-stadtlauf.ch\" target=\"_blank\" rel=\"noreferrer noopener\">Website Burgdorer Stadtlauf<\/a><\/span><\/li>\n<\/ul><\/div>\n\n\n\n<h2 class=\"wp-block-heading\"><\/h2>\n\n\n\n<p class=\"wp-block-paragraph\"><\/p>\n","protected":false},"excerpt":{"rendered":"<p>Der Burgdorfer Stadtlauf ist \u00fcber die Stadt hinaus bekannt und zieht jedes Jahr unz\u00e4hlige L\u00e4uferinnen und L\u00e4ufer aus der n\u00e4heren &#8230; <\/p>\n<p class=\"read-more-container\"><a title=\"Burgdorfer Stadtlauf\" class=\"read-more button\" href=\"https:\/\/www.kadetten-burgdorf.ch\/website\/?page_id=3664#more-3664\" aria-label=\"Mehr Informationen \u00fcber Burgdorfer Stadtlauf\">WEITERLESEN<\/a><\/p>\n","protected":false},"author":12,"featured_media":0,"parent":3152,"menu_order":0,"comment_status":"closed","ping_status":"closed","template":"","meta":{"generate_page_header":"","footnotes":""},"class_list":["post-3664","page","type-page","status-publish","no-featured-image-padding"],"jetpack_shortlink":"https:\/\/wp.me\/P2pfNG-X6","jetpack_sharing_enabled":false,"_links":{"self":[{"href":"https:\/\/www.kadetten-burgdorf.ch\/website\/index.php?rest_route=\/wp\/v2\/pages\/3664","targetHints":{"allow":["GET"]}}],"collection":[{"href":"https:\/\/www.kadetten-burgdorf.ch\/website\/index.php?rest_route=\/wp\/v2\/pages"}],"about":[{"href":"https:\/\/www.kadetten-burgdorf.ch\/website\/index.php?rest_route=\/wp\/v2\/types\/page"}],"author":[{"embeddable":true,"href":"https:\/\/www.kadetten-burgdorf.ch\/website\/index.php?rest_route=\/wp\/v2\/users\/12"}],"replies":[{"embeddable":true,"href":"https:\/\/www.kadetten-burgdorf.ch\/website\/index.php?rest_route=%2Fwp%2Fv2%2Fcomments&post=3664"}],"version-history":[{"count":20,"href":"https:\/\/www.kadetten-burgdorf.ch\/website\/index.php?rest_route=\/wp\/v2\/pages\/3664\/revisions"}],"predecessor-version":[{"id":6996,"href":"https:\/\/www.kadetten-burgdorf.ch\/website\/index.php?rest_route=\/wp\/v2\/pages\/3664\/revisions\/6996"}],"up":[{"embeddable":true,"href":"https:\/\/www.kadetten-burgdorf.ch\/website\/index.php?rest_route=\/wp\/v2\/pages\/3152"}],"wp:attachment":[{"href":"https:\/\/www.kadetten-burgdorf.ch\/website\/index.php?rest_route=%2Fwp%2Fv2%2Fmedia&parent=3664"}],"curies":[{"name":"wp","href":"https:\/\/api.w.org\/{rel}","templated":true}]}}

<p class="wp-block-paragraph">Der Burgdorfer Stadtlauf ist über die Stadt hinaus bekannt und zieht jedes Jahr unzählige Läuferinnen und Läufer aus der näheren und weiteren Umgebung an. Der Lauf hat einige Höhepunkte zu bieten. So führt die Strecke z. B. durch die Bar B5. Zum Abschluss steht der legendäre Sprint auf das Schloss an. Seit 2016 nehmen die Kadetten Burgdorf als Organisation an diesem Lauf teil. Für jedes Alter gibt es geeignete Laufdistanzen. Diese liegen zwischen 650m und 5 km. Das Startgeld wird durch die Kadettenvereinigung übernommen.</p>



<hr class="wp-block-separator has-css-opacity is-style-wide"/>


<style>.wp-block-kadence-iconlist.kt-svg-icon-list-items3664_e81020-cf:not(.this-stops-third-party-issues){margin-top:0px;margin-bottom:0px;}.wp-block-kadence-iconlist.kt-svg-icon-list-items3664_e81020-cf ul.kt-svg-icon-list:not(.this-prevents-issues):not(.this-stops-third-party-issues):not(.tijsloc){margin-top:0px;margin-right:0px;margin-bottom:10px;margin-left:0px;}.wp-block-kadence-iconlist.kt-svg-icon-list-items3664_e81020-cf ul.kt-svg-icon-list{grid-row-gap:20px;}.wp-block-kadence-iconlist.kt-svg-icon-list-items3664_e81020-cf ul.kt-svg-icon-list .kt-svg-icon-list-item-wrap .kt-svg-icon-list-single{margin-right:20px;}</style>
<div class="wp-block-kadence-iconlist kt-svg-icon-list-items kt-svg-icon-list-items3664_e81020-cf kt-svg-icon-list-columns-1 alignnone"><ul class="kt-svg-icon-list"><style>.kt-svg-icon-list-item-3664_a5766c-4a .kt-svg-icon-list-single{font-size:20px !important;}.kt-svg-icon-list-item-3664_a5766c-4a .kt-svg-icon-list-text mark.kt-highlight{background-color:unset;font-style:normal;color:#f76a0c;-webkit-box-decoration-break:clone;box-decoration-break:clone;padding-top:0px;padding-right:0px;padding-bottom:0px;padding-left:0px;}</style>
<li class="wp-block-kadence-listitem kt-svg-icon-list-item-wrap kt-svg-icon-list-item-3664_a5766c-4a kt-svg-icon-list-style-default"><span class="kb-svg-icon-wrap kb-svg-icon-fas_calendar-alt kt-svg-icon-list-single"><svg viewBox="0 0 448 512"  fill="currentColor" xmlns="http://www.w3.org/2000/svg"  aria-hidden="true"><path d="M436 160H12c-6.6 0-12-5.4-12-12v-36c0-26.5 21.5-48 48-48h48V12c0-6.6 5.4-12 12-12h40c6.6 0 12 5.4 12 12v52h128V12c0-6.6 5.4-12 12-12h40c6.6 0 12 5.4 12 12v52h48c26.5 0 48 21.5 48 48v36c0 6.6-5.4 12-12 12zM12 192h424c6.6 0 12 5.4 12 12v260c0 26.5-21.5 48-48 48H48c-26.5 0-48-21.5-48-48V204c0-6.6 5.4-12 12-12zm116 204c0-6.6-5.4-12-12-12H76c-6.6 0-12 5.4-12 12v40c0 6.6 5.4 12 12 12h40c6.6 0 12-5.4 12-12v-40zm0-128c0-6.6-5.4-12-12-12H76c-6.6 0-12 5.4-12 12v40c0 6.6 5.4 12 12 12h40c6.6 0 12-5.4 12-12v-40zm128 128c0-6.6-5.4-12-12-12h-40c-6.6 0-12 5.4-12 12v40c0 6.6 5.4 12 12 12h40c6.6 0 12-5.4 12-12v-40zm0-128c0-6.6-5.4-12-12-12h-40c-6.6 0-12 5.4-12 12v40c0 6.6 5.4 12 12 12h40c6.6 0 12-5.4 12-12v-40zm128 128c0-6.6-5.4-12-12-12h-40c-6.6 0-12 5.4-12 12v40c0 6.6 5.4 12 12 12h40c6.6 0 12-5.4 12-12v-40zm0-128c0-6.6-5.4-12-12-12h-40c-6.6 0-12 5.4-12 12v40c0 6.6 5.4 12 12 12h40c6.6 0 12-5.4 12-12v-40z"/></svg></span><span class="kt-svg-icon-list-text">Nächster Burgdorfer Stadtlauf: Samstag, 5. September 2026</span></li>


<style>.kt-svg-icon-list-item-3664_2e11d6-8a .kt-svg-icon-list-single{font-size:20px !important;}.kt-svg-icon-list-item-3664_2e11d6-8a .kt-svg-icon-list-text mark.kt-highlight{background-color:unset;font-style:normal;color:#f76a0c;-webkit-box-decoration-break:clone;box-decoration-break:clone;padding-top:0px;padding-right:0px;padding-bottom:0px;padding-left:0px;}</style>
<li class="wp-block-kadence-listitem kt-svg-icon-list-item-wrap kt-svg-icon-list-item-3664_2e11d6-8a"><span class="kb-svg-icon-wrap kb-svg-icon-fas_camera kt-svg-icon-list-single"><svg viewBox="0 0 512 512"  fill="currentColor" xmlns="http://www.w3.org/2000/svg"  aria-hidden="true"><path d="M512 144v288c0 26.5-21.5 48-48 48H48c-26.5 0-48-21.5-48-48V144c0-26.5 21.5-48 48-48h88l12.3-32.9c7-18.7 24.9-31.1 44.9-31.1h125.5c20 0 37.9 12.4 44.9 31.1L376 96h88c26.5 0 48 21.5 48 48zM376 288c0-66.2-53.8-120-120-120s-120 53.8-120 120 53.8 120 120 120 120-53.8 120-120zm-32 0c0 48.5-39.5 88-88 88s-88-39.5-88-88 39.5-88 88-88 88 39.5 88 88z"/></svg></span><span class="kt-svg-icon-list-text"><a href="https://www.flickr.com/photos/kadetten-burgdorf/albums/72177720328971503/" target="_blank" rel="noreferrer noopener">Fotos Burgdorfer Stadtlauf 2025</a></span></li>


<style>.kt-svg-icon-list-item-3664_d947c8-d0 .kt-svg-icon-list-single{font-size:20px !important;}.kt-svg-icon-list-item-3664_d947c8-d0 .kt-svg-icon-list-text mark.kt-highlight{background-color:unset;font-style:normal;color:#f76a0c;-webkit-box-decoration-break:clone;box-decoration-break:clone;padding-top:0px;padding-right:0px;padding-bottom:0px;padding-left:0px;}</style>
<li class="wp-block-kadence-listitem kt-svg-icon-list-item-wrap kt-svg-icon-list-item-3664_d947c8-d0"><span class="kb-svg-icon-wrap kb-svg-icon-fas_laptop kt-svg-icon-list-single"><svg viewBox="0 0 640 512"  fill="currentColor" xmlns="http://www.w3.org/2000/svg"  aria-hidden="true"><path d="M624 416H381.54c-.74 19.81-14.71 32-32.74 32H288c-18.69 0-33.02-17.47-32.77-32H16c-8.8 0-16 7.2-16 16v16c0 35.2 28.8 64 64 64h512c35.2 0 64-28.8 64-64v-16c0-8.8-7.2-16-16-16zM576 48c0-26.4-21.6-48-48-48H112C85.6 0 64 21.6 64 48v336h512V48zm-64 272H128V64h384v256z"/></svg></span><span class="kt-svg-icon-list-text"><a href="https://burgdorfer-stadtlauf.ch" target="_blank" rel="noreferrer noopener">Website Burgdorer Stadtlauf</a></span></li>
</ul></div>



<h2 class="wp-block-heading"></h2>



<p class="wp-block-paragraph"></p>

<p>Der Burgdorfer Stadtlauf ist über die Stadt hinaus bekannt und zieht jedes Jahr unzählige Läuferinnen und Läufer aus der näheren &#8230; </p>
<p class="read-more-container"><a title="Burgdorfer Stadtlauf" class="read-more button" href="https://www.kadetten-burgdorf.ch/website/?page_id=3664#more-3664" aria-label="Mehr Informationen über Burgdorfer Stadtlauf">WEITERLESEN</a></p>
