{"id":3442,"date":"2018-06-24T15:37:46","date_gmt":"2018-06-24T13:37:46","guid":{"rendered":"https:\/\/www.kadetten-burgdorf.ch\/website\/?page_id=3442"},"modified":"2023-05-09T20:43:14","modified_gmt":"2023-05-09T18:43:14","slug":"wer-oder-was-ist-das-kader","status":"publish","type":"page","link":"https:\/\/www.kadetten-burgdorf.ch\/website\/?page_id=3442","title":{"rendered":"Wer oder was ist das \u201eKader\u201c?"},"content":{"rendered":"\n<p class=\"wp-block-paragraph\">In das Kader werden die Kadetten aus dem 7., 8. und 9. Schuljahr bef\u00f6rdert. Dies sind somit langj\u00e4hrige Kadetten, welche ihre drei letzten Kadettenjahre in einer besonderen Funktion absolvieren. Als Mitglied des Kaders geniessen sie einige Privilegien und \u00fcbernehmen zugleich Aufgaben und Verantwortung. Vor allem steht die Vorbildsfunktion gegen\u00fcber den j\u00fcngeren Kadetten und die \u00dcbernahme von Verantwortung im Vordergrund. So hilft das Kader beispielsweise bei der Organisation und Durchf\u00fchrung von Anl\u00e4ssen oder \u00fcbernimmt die Betreuung der j\u00fcngeren Kadetten an Anl\u00e4ssen. Daneben ist man als Kader der Kadetten Burgdorf auch Aush\u00e4ngeschild und \u00fcbernimmt repr\u00e4sentative Aufgaben. So zum Beispiel w\u00e4hrend der Kirchenfeier an der Sol\u00e4tte.<\/p>\n\n\n\n<p class=\"wp-block-paragraph\">Die Rangierung des Kaders ist eine der letzten milit\u00e4rischen Traditionen bei den Kadetten Burgdorf und wird zum Beispiel mit den R\u00e4ngen Hauptmann oder Leutnant betitelt. Der oder die Erstplatzierte aus dem Kaderkurs wird zum Hauptmann ernannt und erh\u00e4lt ganz besondere Privilegien. Der Hauptmann kriegt einen gravierten Pflasterstein, welcher in die Schmiedengasse eingesetzt wird. Weiter f\u00fchrt der Hauptmann die Kadetten an der Sol\u00e4tte als vorderste Person an und geniesst das Ansehen der Burgdorfer Bev\u00f6lkerung. Eine einmalige Anerkennung f\u00fcr die tolle Leistung \u2013 ein Leben lang verewigt in der Oberstadt von Burgdorf.<\/p>\n","protected":false},"excerpt":{"rendered":"<p>In das Kader werden die Kadetten aus dem 7., 8. und 9. Schuljahr bef\u00f6rdert. Dies sind somit langj\u00e4hrige Kadetten, welche &#8230; <\/p>\n<p class=\"read-more-container\"><a title=\"Wer oder was ist das \u201eKader\u201c?\" class=\"read-more button\" href=\"https:\/\/www.kadetten-burgdorf.ch\/website\/?page_id=3442#more-3442\" aria-label=\"Mehr Informationen \u00fcber Wer oder was ist das \u201eKader\u201c?\">WEITERLESEN<\/a><\/p>\n","protected":false},"author":12,"featured_media":0,"parent":444,"menu_order":0,"comment_status":"closed","ping_status":"closed","template":"","meta":{"generate_page_header":"","footnotes":""},"class_list":["post-3442","page","type-page","status-publish","no-featured-image-padding"],"jetpack_shortlink":"https:\/\/wp.me\/P2pfNG-Tw","jetpack_sharing_enabled":false,"_links":{"self":[{"href":"https:\/\/www.kadetten-burgdorf.ch\/website\/index.php?rest_route=\/wp\/v2\/pages\/3442","targetHints":{"allow":["GET"]}}],"collection":[{"href":"https:\/\/www.kadetten-burgdorf.ch\/website\/index.php?rest_route=\/wp\/v2\/pages"}],"about":[{"href":"https:\/\/www.kadetten-burgdorf.ch\/website\/index.php?rest_route=\/wp\/v2\/types\/page"}],"author":[{"embeddable":true,"href":"https:\/\/www.kadetten-burgdorf.ch\/website\/index.php?rest_route=\/wp\/v2\/users\/12"}],"replies":[{"embeddable":true,"href":"https:\/\/www.kadetten-burgdorf.ch\/website\/index.php?rest_route=%2Fwp%2Fv2%2Fcomments&post=3442"}],"version-history":[{"count":5,"href":"https:\/\/www.kadetten-burgdorf.ch\/website\/index.php?rest_route=\/wp\/v2\/pages\/3442\/revisions"}],"predecessor-version":[{"id":5863,"href":"https:\/\/www.kadetten-burgdorf.ch\/website\/index.php?rest_route=\/wp\/v2\/pages\/3442\/revisions\/5863"}],"up":[{"embeddable":true,"href":"https:\/\/www.kadetten-burgdorf.ch\/website\/index.php?rest_route=\/wp\/v2\/pages\/444"}],"wp:attachment":[{"href":"https:\/\/www.kadetten-burgdorf.ch\/website\/index.php?rest_route=%2Fwp%2Fv2%2Fmedia&parent=3442"}],"curies":[{"name":"wp","href":"https:\/\/api.w.org\/{rel}","templated":true}]}}

<p class="wp-block-paragraph">In das Kader werden die Kadetten aus dem 7., 8. und 9. Schuljahr befördert. Dies sind somit langjährige Kadetten, welche ihre drei letzten Kadettenjahre in einer besonderen Funktion absolvieren. Als Mitglied des Kaders geniessen sie einige Privilegien und übernehmen zugleich Aufgaben und Verantwortung. Vor allem steht die Vorbildsfunktion gegenüber den jüngeren Kadetten und die Übernahme von Verantwortung im Vordergrund. So hilft das Kader beispielsweise bei der Organisation und Durchführung von Anlässen oder übernimmt die Betreuung der jüngeren Kadetten an Anlässen. Daneben ist man als Kader der Kadetten Burgdorf auch Aushängeschild und übernimmt repräsentative Aufgaben. So zum Beispiel während der Kirchenfeier an der Solätte.</p>



<p class="wp-block-paragraph">Die Rangierung des Kaders ist eine der letzten militärischen Traditionen bei den Kadetten Burgdorf und wird zum Beispiel mit den Rängen Hauptmann oder Leutnant betitelt. Der oder die Erstplatzierte aus dem Kaderkurs wird zum Hauptmann ernannt und erhält ganz besondere Privilegien. Der Hauptmann kriegt einen gravierten Pflasterstein, welcher in die Schmiedengasse eingesetzt wird. Weiter führt der Hauptmann die Kadetten an der Solätte als vorderste Person an und geniesst das Ansehen der Burgdorfer Bevölkerung. Eine einmalige Anerkennung für die tolle Leistung – ein Leben lang verewigt in der Oberstadt von Burgdorf.</p>

<p>In das Kader werden die Kadetten aus dem 7., 8. und 9. Schuljahr befördert. Dies sind somit langjährige Kadetten, welche &#8230; </p>
<p class="read-more-container"><a title="Wer oder was ist das „Kader“?" class="read-more button" href="https://www.kadetten-burgdorf.ch/website/?page_id=3442#more-3442" aria-label="Mehr Informationen über Wer oder was ist das „Kader“?">WEITERLESEN</a></p>
