{"id":3439,"date":"2018-06-24T15:33:39","date_gmt":"2018-06-24T13:33:39","guid":{"rendered":"https:\/\/www.kadetten-burgdorf.ch\/website\/?page_id=3439"},"modified":"2026-07-24T10:17:08","modified_gmt":"2026-07-24T08:17:08","slug":"kaderkurs","status":"publish","type":"page","link":"https:\/\/www.kadetten-burgdorf.ch\/website\/?page_id=3439","title":{"rendered":"Kaderkurs"},"content":{"rendered":"\n<p class=\"wp-block-paragraph\">Um das allj\u00e4hrlich neue Kader zu bestimmen, wird bei den Kadetten Burgdorf ein Kaderkurs absolviert. Dieser Kaderkurs soll eine objektive Leistungsbewertung der Teilnehmerinnen und Teilnehmer sein. Der Kaderkurs findet anl\u00e4sslich einer \u201e40-Stunden-\u00dcbung\u201c vom Freitagabend bis Sonntagmorgen statt. Darin werden die Teilnehmenden einerseits in ihren Sparten Musik\/Tambouren\/Sport getestet. Andererseits finden auch spartenunabh\u00e4ngige, gemeinsame Tests und \u00dcbungen statt.<\/p>\n\n\n\n<p class=\"wp-block-paragraph\">Dieser Kaderkurs soll jedoch auch etwas zum Teamgeist und gegenseitigem Kennenlernen beitragen. Aus diesem Grund finden viele \u00dcbungen in Teams statt, der Schlaf beschr\u00e4nkt sich auf ein paar wenige Stunden und das Programm ist nat\u00fcrlich ungewiss.<\/p>\n\n\n\n<p class=\"wp-block-paragraph\">Der gesamte Kaderkurs ist also ein tolles und unvergessliches Erlebnis f\u00fcr alle Teilnehmenden. Mitmachen k\u00f6nnen alle Kadetten in der 7., 8. oder 9. Klasse. Die Anmeldung f\u00fcr den Kaderkurs wird fr\u00fchzeitig aufgeschaltet.<\/p>\n\n\n\n<hr class=\"wp-block-separator has-css-opacity is-style-wide\"\/>\n\n\n<style>.wp-block-kadence-iconlist.kt-svg-icon-list-items3439_27411e-e4:not(.this-stops-third-party-issues){margin-top:0px;margin-bottom:0px;}.wp-block-kadence-iconlist.kt-svg-icon-list-items3439_27411e-e4 ul.kt-svg-icon-list:not(.this-prevents-issues):not(.this-stops-third-party-issues):not(.tijsloc){margin-top:0px;margin-right:0px;margin-bottom:10px;margin-left:0px;}.wp-block-kadence-iconlist.kt-svg-icon-list-items3439_27411e-e4 ul.kt-svg-icon-list{grid-row-gap:20px;}.wp-block-kadence-iconlist.kt-svg-icon-list-items3439_27411e-e4 ul.kt-svg-icon-list .kt-svg-icon-list-item-wrap .kt-svg-icon-list-single{margin-right:20px;}<\/style>\n<div class=\"wp-block-kadence-iconlist kt-svg-icon-list-items kt-svg-icon-list-items3439_27411e-e4 kt-svg-icon-list-columns-1 alignnone\"><ul class=\"kt-svg-icon-list\"><style>.kt-svg-icon-list-item-3439_77dcc4-70 .kt-svg-icon-list-single{font-size:20px !important;}.kt-svg-icon-list-item-3439_77dcc4-70 .kt-svg-icon-list-text mark.kt-highlight{background-color:unset;font-style:normal;color:#f76a0c;-webkit-box-decoration-break:clone;box-decoration-break:clone;padding-top:0px;padding-right:0px;padding-bottom:0px;padding-left:0px;}<\/style>\n<li class=\"wp-block-kadence-listitem kt-svg-icon-list-item-wrap kt-svg-icon-list-item-3439_77dcc4-70 kt-svg-icon-list-style-default\"><span class=\"kb-svg-icon-wrap kb-svg-icon-fas_camera kt-svg-icon-list-single\"><svg viewBox=\"0 0 512 512\"  fill=\"currentColor\" xmlns=\"http:\/\/www.w3.org\/2000\/svg\"  aria-hidden=\"true\"><path d=\"M512 144v288c0 26.5-21.5 48-48 48H48c-26.5 0-48-21.5-48-48V144c0-26.5 21.5-48 48-48h88l12.3-32.9c7-18.7 24.9-31.1 44.9-31.1h125.5c20 0 37.9 12.4 44.9 31.1L376 96h88c26.5 0 48 21.5 48 48zM376 288c0-66.2-53.8-120-120-120s-120 53.8-120 120 53.8 120 120 120 120-53.8 120-120zm-32 0c0 48.5-39.5 88-88 88s-88-39.5-88-88 39.5-88 88-88 88 39.5 88 88z\"\/><\/svg><\/span><span class=\"kt-svg-icon-list-text\"><a href=\"https:\/\/www.flickr.com\/photos\/kadetten-burgdorf\/albums\/72177720333463748\" target=\"_blank\" rel=\"noreferrer noopener\">Fotos Kaderkurs 2026<\/a><\/span><\/li>\n<\/ul><\/div>\n\n\n\n<p class=\"wp-block-paragraph\"><\/p>\n","protected":false},"excerpt":{"rendered":"<p>Um das allj\u00e4hrlich neue Kader zu bestimmen, wird bei den Kadetten Burgdorf ein Kaderkurs absolviert. Dieser Kaderkurs soll eine objektive &#8230; <\/p>\n<p class=\"read-more-container\"><a title=\"Kaderkurs\" class=\"read-more button\" href=\"https:\/\/www.kadetten-burgdorf.ch\/website\/?page_id=3439#more-3439\" aria-label=\"Mehr Informationen \u00fcber Kaderkurs\">WEITERLESEN<\/a><\/p>\n","protected":false},"author":12,"featured_media":0,"parent":444,"menu_order":0,"comment_status":"closed","ping_status":"closed","template":"","meta":{"generate_page_header":"","footnotes":""},"class_list":["post-3439","page","type-page","status-publish","no-featured-image-padding"],"jetpack_shortlink":"https:\/\/wp.me\/P2pfNG-Tt","jetpack_sharing_enabled":false,"_links":{"self":[{"href":"https:\/\/www.kadetten-burgdorf.ch\/website\/index.php?rest_route=\/wp\/v2\/pages\/3439","targetHints":{"allow":["GET"]}}],"collection":[{"href":"https:\/\/www.kadetten-burgdorf.ch\/website\/index.php?rest_route=\/wp\/v2\/pages"}],"about":[{"href":"https:\/\/www.kadetten-burgdorf.ch\/website\/index.php?rest_route=\/wp\/v2\/types\/page"}],"author":[{"embeddable":true,"href":"https:\/\/www.kadetten-burgdorf.ch\/website\/index.php?rest_route=\/wp\/v2\/users\/12"}],"replies":[{"embeddable":true,"href":"https:\/\/www.kadetten-burgdorf.ch\/website\/index.php?rest_route=%2Fwp%2Fv2%2Fcomments&post=3439"}],"version-history":[{"count":14,"href":"https:\/\/www.kadetten-burgdorf.ch\/website\/index.php?rest_route=\/wp\/v2\/pages\/3439\/revisions"}],"predecessor-version":[{"id":7005,"href":"https:\/\/www.kadetten-burgdorf.ch\/website\/index.php?rest_route=\/wp\/v2\/pages\/3439\/revisions\/7005"}],"up":[{"embeddable":true,"href":"https:\/\/www.kadetten-burgdorf.ch\/website\/index.php?rest_route=\/wp\/v2\/pages\/444"}],"wp:attachment":[{"href":"https:\/\/www.kadetten-burgdorf.ch\/website\/index.php?rest_route=%2Fwp%2Fv2%2Fmedia&parent=3439"}],"curies":[{"name":"wp","href":"https:\/\/api.w.org\/{rel}","templated":true}]}}

<p class="wp-block-paragraph">Um das alljährlich neue Kader zu bestimmen, wird bei den Kadetten Burgdorf ein Kaderkurs absolviert. Dieser Kaderkurs soll eine objektive Leistungsbewertung der Teilnehmerinnen und Teilnehmer sein. Der Kaderkurs findet anlässlich einer „40-Stunden-Übung“ vom Freitagabend bis Sonntagmorgen statt. Darin werden die Teilnehmenden einerseits in ihren Sparten Musik/Tambouren/Sport getestet. Andererseits finden auch spartenunabhängige, gemeinsame Tests und Übungen statt.</p>



<p class="wp-block-paragraph">Dieser Kaderkurs soll jedoch auch etwas zum Teamgeist und gegenseitigem Kennenlernen beitragen. Aus diesem Grund finden viele Übungen in Teams statt, der Schlaf beschränkt sich auf ein paar wenige Stunden und das Programm ist natürlich ungewiss.</p>



<p class="wp-block-paragraph">Der gesamte Kaderkurs ist also ein tolles und unvergessliches Erlebnis für alle Teilnehmenden. Mitmachen können alle Kadetten in der 7., 8. oder 9. Klasse. Die Anmeldung für den Kaderkurs wird frühzeitig aufgeschaltet.</p>



<hr class="wp-block-separator has-css-opacity is-style-wide"/>


<style>.wp-block-kadence-iconlist.kt-svg-icon-list-items3439_27411e-e4:not(.this-stops-third-party-issues){margin-top:0px;margin-bottom:0px;}.wp-block-kadence-iconlist.kt-svg-icon-list-items3439_27411e-e4 ul.kt-svg-icon-list:not(.this-prevents-issues):not(.this-stops-third-party-issues):not(.tijsloc){margin-top:0px;margin-right:0px;margin-bottom:10px;margin-left:0px;}.wp-block-kadence-iconlist.kt-svg-icon-list-items3439_27411e-e4 ul.kt-svg-icon-list{grid-row-gap:20px;}.wp-block-kadence-iconlist.kt-svg-icon-list-items3439_27411e-e4 ul.kt-svg-icon-list .kt-svg-icon-list-item-wrap .kt-svg-icon-list-single{margin-right:20px;}</style>
<div class="wp-block-kadence-iconlist kt-svg-icon-list-items kt-svg-icon-list-items3439_27411e-e4 kt-svg-icon-list-columns-1 alignnone"><ul class="kt-svg-icon-list"><style>.kt-svg-icon-list-item-3439_77dcc4-70 .kt-svg-icon-list-single{font-size:20px !important;}.kt-svg-icon-list-item-3439_77dcc4-70 .kt-svg-icon-list-text mark.kt-highlight{background-color:unset;font-style:normal;color:#f76a0c;-webkit-box-decoration-break:clone;box-decoration-break:clone;padding-top:0px;padding-right:0px;padding-bottom:0px;padding-left:0px;}</style>
<li class="wp-block-kadence-listitem kt-svg-icon-list-item-wrap kt-svg-icon-list-item-3439_77dcc4-70 kt-svg-icon-list-style-default"><span class="kb-svg-icon-wrap kb-svg-icon-fas_camera kt-svg-icon-list-single"><svg viewBox="0 0 512 512"  fill="currentColor" xmlns="http://www.w3.org/2000/svg"  aria-hidden="true"><path d="M512 144v288c0 26.5-21.5 48-48 48H48c-26.5 0-48-21.5-48-48V144c0-26.5 21.5-48 48-48h88l12.3-32.9c7-18.7 24.9-31.1 44.9-31.1h125.5c20 0 37.9 12.4 44.9 31.1L376 96h88c26.5 0 48 21.5 48 48zM376 288c0-66.2-53.8-120-120-120s-120 53.8-120 120 53.8 120 120 120 120-53.8 120-120zm-32 0c0 48.5-39.5 88-88 88s-88-39.5-88-88 39.5-88 88-88 88 39.5 88 88z"/></svg></span><span class="kt-svg-icon-list-text"><a href="https://www.flickr.com/photos/kadetten-burgdorf/albums/72177720333463748" target="_blank" rel="noreferrer noopener">Fotos Kaderkurs 2026</a></span></li>
</ul></div>



<p class="wp-block-paragraph"></p>

<p>Um das alljährlich neue Kader zu bestimmen, wird bei den Kadetten Burgdorf ein Kaderkurs absolviert. Dieser Kaderkurs soll eine objektive &#8230; </p>
<p class="read-more-container"><a title="Kaderkurs" class="read-more button" href="https://www.kadetten-burgdorf.ch/website/?page_id=3439#more-3439" aria-label="Mehr Informationen über Kaderkurs">WEITERLESEN</a></p>
