{"id":3388,"date":"2018-06-22T17:23:41","date_gmt":"2018-06-22T15:23:41","guid":{"rendered":"https:\/\/www.kadetten-burgdorf.ch\/website\/?page_id=3388"},"modified":"2026-07-24T09:45:24","modified_gmt":"2026-07-24T07:45:24","slug":"solaette","status":"publish","type":"page","link":"https:\/\/www.kadetten-burgdorf.ch\/website\/?page_id=3388","title":{"rendered":"Sol\u00e4tte"},"content":{"rendered":"\n<p class=\"wp-block-paragraph\">Einmal im Jahr verwandelt sich die ganze Stadt Burgdorf in einen Ort der festlichen Stimmung und des Feierns\u2026 und dies seit \u00fcber 280 Jahren. Das Burgdorfer Fr\u00fchlingsfest, oder auch Kinderfest genannt, besteht in seinen heutigen Grundz\u00fcgen seit 1729 und wird jeweils am letzten Montag des Monats Juni abgehalten. An diesem Tag ist Burgdorf im Ausnahmezustand, denn die ganze Stadt ist auf den Beinen, um den Umz\u00fcgen der Burgdorfer Jugend und der Musikgesellschaften beizuwohnen und abends die Feststimmung zu geniessen.<\/p>\n\n\n\n<p class=\"wp-block-paragraph\">Und auch die Kadetten Burgdorf sind aus dem Bild der Sol\u00e4tte nicht wegzudenken. Die Kadetten begleiten die Sol\u00e4tte von Anfang bis Schluss. Bereits am Sonntagabend findet der Zapfenstreich durch die Stadt mit der Kaderverabschiedung und Kaderernennung auf der Gebr\u00fcder-Schnell-Terrasse statt. Dabei findet auch die Fahnen\u00fcbernahme statt und somit wird die Kadettenfahne zur offiziellen Sol\u00e4ttefahne. Am Montagmorgen er\u00f6ffnen dann die Kadetten das Fest mit der Tagwache und dem Umzug von der Unterstadt in die Oberstadt, wo anschliessend der Morgenumzug stattfindet. Sowohl am Morgenumzug als auch am Nachmittagsumzug f\u00fchren die Kadetten die Umz\u00fcge an und starten als Erstes. Sp\u00e4testens im \u201eStaudecher\u201c erleben die Kinder und Jugendlichen der Kadetten eine unvergessliche H\u00fchnerhautstimmung. Zusammen mit den anderen Burgdorfer Musikvereinen begleitet die Kadettenmusik am Nachmittag die letzte Polonaise mit dem Marsch \u201eJugend Voran\u201c. Zum Schluss des Festes findet der Abendumzug zur\u00fcck in die Oberstadt statt mit anschliessender Fahnenabgabe beim Gymnasium Burgdorf.<\/p>\n\n\n\n<p class=\"wp-block-paragraph\">Die Feierlichkeiten, Feste und Partys dauern bis sp\u00e4t in die Nacht und so mancher Heimweh-Burgdorfer trifft wieder einmal alte Bekannte und Freunde aus der Schulzeit und der Kadettenzeit.<\/p>\n\n\n\n<hr class=\"wp-block-separator has-css-opacity is-style-wide\"\/>\n\n\n<style>.wp-block-kadence-iconlist.kt-svg-icon-list-items3388_27a94f-21:not(.this-stops-third-party-issues){margin-top:0px;margin-bottom:0px;}.wp-block-kadence-iconlist.kt-svg-icon-list-items3388_27a94f-21 ul.kt-svg-icon-list:not(.this-prevents-issues):not(.this-stops-third-party-issues):not(.tijsloc){margin-top:0px;margin-right:0px;margin-bottom:10px;margin-left:0px;}.wp-block-kadence-iconlist.kt-svg-icon-list-items3388_27a94f-21 ul.kt-svg-icon-list{grid-row-gap:20px;}.wp-block-kadence-iconlist.kt-svg-icon-list-items3388_27a94f-21 ul.kt-svg-icon-list .kt-svg-icon-list-item-wrap .kt-svg-icon-list-single{margin-right:20px;}<\/style>\n<div class=\"wp-block-kadence-iconlist kt-svg-icon-list-items kt-svg-icon-list-items3388_27a94f-21 kt-svg-icon-list-columns-1 alignnone\"><ul class=\"kt-svg-icon-list\"><style>.kt-svg-icon-list-item-3388_063c1a-e8 .kt-svg-icon-list-single{font-size:20px !important;}.kt-svg-icon-list-item-3388_063c1a-e8 .kt-svg-icon-list-text mark.kt-highlight{background-color:unset;font-style:normal;color:#f76a0c;-webkit-box-decoration-break:clone;box-decoration-break:clone;padding-top:0px;padding-right:0px;padding-bottom:0px;padding-left:0px;}<\/style>\n<li class=\"wp-block-kadence-listitem kt-svg-icon-list-item-wrap kt-svg-icon-list-item-3388_063c1a-e8 kt-svg-icon-list-style-default\"><span class=\"kb-svg-icon-wrap kb-svg-icon-fas_calendar-alt kt-svg-icon-list-single\"><svg viewBox=\"0 0 448 512\"  fill=\"currentColor\" xmlns=\"http:\/\/www.w3.org\/2000\/svg\"  aria-hidden=\"true\"><path d=\"M436 160H12c-6.6 0-12-5.4-12-12v-36c0-26.5 21.5-48 48-48h48V12c0-6.6 5.4-12 12-12h40c6.6 0 12 5.4 12 12v52h128V12c0-6.6 5.4-12 12-12h40c6.6 0 12 5.4 12 12v52h48c26.5 0 48 21.5 48 48v36c0 6.6-5.4 12-12 12zM12 192h424c6.6 0 12 5.4 12 12v260c0 26.5-21.5 48-48 48H48c-26.5 0-48-21.5-48-48V204c0-6.6 5.4-12 12-12zm116 204c0-6.6-5.4-12-12-12H76c-6.6 0-12 5.4-12 12v40c0 6.6 5.4 12 12 12h40c6.6 0 12-5.4 12-12v-40zm0-128c0-6.6-5.4-12-12-12H76c-6.6 0-12 5.4-12 12v40c0 6.6 5.4 12 12 12h40c6.6 0 12-5.4 12-12v-40zm128 128c0-6.6-5.4-12-12-12h-40c-6.6 0-12 5.4-12 12v40c0 6.6 5.4 12 12 12h40c6.6 0 12-5.4 12-12v-40zm0-128c0-6.6-5.4-12-12-12h-40c-6.6 0-12 5.4-12 12v40c0 6.6 5.4 12 12 12h40c6.6 0 12-5.4 12-12v-40zm128 128c0-6.6-5.4-12-12-12h-40c-6.6 0-12 5.4-12 12v40c0 6.6 5.4 12 12 12h40c6.6 0 12-5.4 12-12v-40zm0-128c0-6.6-5.4-12-12-12h-40c-6.6 0-12 5.4-12 12v40c0 6.6 5.4 12 12 12h40c6.6 0 12-5.4 12-12v-40z\"\/><\/svg><\/span><span class=\"kt-svg-icon-list-text\">N\u00e4chste Sol\u00e4tte: Montag, 28. Juni 2027<\/span><\/li>\n\n\n<style>.kt-svg-icon-list-item-3388_20e3ab-8e .kt-svg-icon-list-text mark.kt-highlight{background-color:unset;font-style:normal;color:#f76a0c;-webkit-box-decoration-break:clone;box-decoration-break:clone;padding-top:0px;padding-right:0px;padding-bottom:0px;padding-left:0px;}<\/style>\n<li class=\"wp-block-kadence-listitem kt-svg-icon-list-item-wrap kt-svg-icon-list-item-3388_20e3ab-8e\"><span class=\"kb-svg-icon-wrap kb-svg-icon-fas_camera kt-svg-icon-list-single\"><svg viewBox=\"0 0 512 512\"  fill=\"currentColor\" xmlns=\"http:\/\/www.w3.org\/2000\/svg\"  aria-hidden=\"true\"><path d=\"M512 144v288c0 26.5-21.5 48-48 48H48c-26.5 0-48-21.5-48-48V144c0-26.5 21.5-48 48-48h88l12.3-32.9c7-18.7 24.9-31.1 44.9-31.1h125.5c20 0 37.9 12.4 44.9 31.1L376 96h88c26.5 0 48 21.5 48 48zM376 288c0-66.2-53.8-120-120-120s-120 53.8-120 120 53.8 120 120 120 120-53.8 120-120zm-32 0c0 48.5-39.5 88-88 88s-88-39.5-88-88 39.5-88 88-88 88 39.5 88 88z\"\/><\/svg><\/span><span class=\"kt-svg-icon-list-text\"><a href=\"https:\/\/www.flickr.com\/photos\/kadetten-burgdorf\/albums\/72177720334778547\/\" target=\"_blank\" rel=\"noreferrer noopener\">Fotos Zapfenstreich 2026<\/a><\/span><\/li>\n\n\n<style>.kt-svg-icon-list-item-3388_291ece-cc .kt-svg-icon-list-text mark.kt-highlight{background-color:unset;font-style:normal;color:#f76a0c;-webkit-box-decoration-break:clone;box-decoration-break:clone;padding-top:0px;padding-right:0px;padding-bottom:0px;padding-left:0px;}<\/style>\n<li class=\"wp-block-kadence-listitem kt-svg-icon-list-item-wrap kt-svg-icon-list-item-3388_291ece-cc\"><span class=\"kb-svg-icon-wrap kb-svg-icon-fas_camera kt-svg-icon-list-single\"><svg viewBox=\"0 0 512 512\"  fill=\"currentColor\" xmlns=\"http:\/\/www.w3.org\/2000\/svg\"  aria-hidden=\"true\"><path d=\"M512 144v288c0 26.5-21.5 48-48 48H48c-26.5 0-48-21.5-48-48V144c0-26.5 21.5-48 48-48h88l12.3-32.9c7-18.7 24.9-31.1 44.9-31.1h125.5c20 0 37.9 12.4 44.9 31.1L376 96h88c26.5 0 48 21.5 48 48zM376 288c0-66.2-53.8-120-120-120s-120 53.8-120 120 53.8 120 120 120 120-53.8 120-120zm-32 0c0 48.5-39.5 88-88 88s-88-39.5-88-88 39.5-88 88-88 88 39.5 88 88z\"\/><\/svg><\/span><span class=\"kt-svg-icon-list-text\"><a href=\"https:\/\/www.flickr.com\/photos\/kadetten-burgdorf\/albums\/72177720334802624\" target=\"_blank\" rel=\"noreferrer noopener\">Fotos Sol\u00e4tte 2026<\/a><\/span><\/li>\n\n\n<style>.kt-svg-icon-list-item-3388_9c973e-22 .kt-svg-icon-list-text mark.kt-highlight{background-color:unset;font-style:normal;color:#f76a0c;-webkit-box-decoration-break:clone;box-decoration-break:clone;padding-top:0px;padding-right:0px;padding-bottom:0px;padding-left:0px;}<\/style>\n<li class=\"wp-block-kadence-listitem kt-svg-icon-list-item-wrap kt-svg-icon-list-item-3388_9c973e-22\"><span class=\"kb-svg-icon-wrap kb-svg-icon-fas_video kt-svg-icon-list-single\"><svg viewBox=\"0 0 576 512\"  fill=\"currentColor\" xmlns=\"http:\/\/www.w3.org\/2000\/svg\"  aria-hidden=\"true\"><path d=\"M336.2 64H47.8C21.4 64 0 85.4 0 111.8v288.4C0 426.6 21.4 448 47.8 448h288.4c26.4 0 47.8-21.4 47.8-47.8V111.8c0-26.4-21.4-47.8-47.8-47.8zm189.4 37.7L416 177.3v157.4l109.6 75.5c21.2 14.6 50.4-.3 50.4-25.8V127.5c0-25.4-29.1-40.4-50.4-25.8z\"\/><\/svg><\/span><span class=\"kt-svg-icon-list-text\"><a href=\"https:\/\/www.youtube.com\/watch?v=PKUecB1YMGg\" target=\"_blank\" rel=\"noreferrer noopener\">Video Zapfenstreich 2024<\/a><\/span><\/li>\n<\/ul><\/div>\n","protected":false},"excerpt":{"rendered":"<p>Einmal im Jahr verwandelt sich die ganze Stadt Burgdorf in einen Ort der festlichen Stimmung und des Feierns\u2026 und dies &#8230; <\/p>\n<p class=\"read-more-container\"><a title=\"Sol\u00e4tte\" class=\"read-more button\" href=\"https:\/\/www.kadetten-burgdorf.ch\/website\/?page_id=3388#more-3388\" aria-label=\"Mehr Informationen \u00fcber Sol\u00e4tte\">WEITERLESEN<\/a><\/p>\n","protected":false},"author":12,"featured_media":0,"parent":3152,"menu_order":0,"comment_status":"closed","ping_status":"closed","template":"","meta":{"generate_page_header":"","footnotes":""},"class_list":["post-3388","page","type-page","status-publish","no-featured-image-padding"],"jetpack_shortlink":"https:\/\/wp.me\/P2pfNG-SE","jetpack_sharing_enabled":false,"_links":{"self":[{"href":"https:\/\/www.kadetten-burgdorf.ch\/website\/index.php?rest_route=\/wp\/v2\/pages\/3388","targetHints":{"allow":["GET"]}}],"collection":[{"href":"https:\/\/www.kadetten-burgdorf.ch\/website\/index.php?rest_route=\/wp\/v2\/pages"}],"about":[{"href":"https:\/\/www.kadetten-burgdorf.ch\/website\/index.php?rest_route=\/wp\/v2\/types\/page"}],"author":[{"embeddable":true,"href":"https:\/\/www.kadetten-burgdorf.ch\/website\/index.php?rest_route=\/wp\/v2\/users\/12"}],"replies":[{"embeddable":true,"href":"https:\/\/www.kadetten-burgdorf.ch\/website\/index.php?rest_route=%2Fwp%2Fv2%2Fcomments&post=3388"}],"version-history":[{"count":23,"href":"https:\/\/www.kadetten-burgdorf.ch\/website\/index.php?rest_route=\/wp\/v2\/pages\/3388\/revisions"}],"predecessor-version":[{"id":6992,"href":"https:\/\/www.kadetten-burgdorf.ch\/website\/index.php?rest_route=\/wp\/v2\/pages\/3388\/revisions\/6992"}],"up":[{"embeddable":true,"href":"https:\/\/www.kadetten-burgdorf.ch\/website\/index.php?rest_route=\/wp\/v2\/pages\/3152"}],"wp:attachment":[{"href":"https:\/\/www.kadetten-burgdorf.ch\/website\/index.php?rest_route=%2Fwp%2Fv2%2Fmedia&parent=3388"}],"curies":[{"name":"wp","href":"https:\/\/api.w.org\/{rel}","templated":true}]}}

Solätte

<p class="wp-block-paragraph">Einmal im Jahr verwandelt sich die ganze Stadt Burgdorf in einen Ort der festlichen Stimmung und des Feierns… und dies seit über 280 Jahren. Das Burgdorfer Frühlingsfest, oder auch Kinderfest genannt, besteht in seinen heutigen Grundzügen seit 1729 und wird jeweils am letzten Montag des Monats Juni abgehalten. An diesem Tag ist Burgdorf im Ausnahmezustand, denn die ganze Stadt ist auf den Beinen, um den Umzügen der Burgdorfer Jugend und der Musikgesellschaften beizuwohnen und abends die Feststimmung zu geniessen.</p>



<p class="wp-block-paragraph">Und auch die Kadetten Burgdorf sind aus dem Bild der Solätte nicht wegzudenken. Die Kadetten begleiten die Solätte von Anfang bis Schluss. Bereits am Sonntagabend findet der Zapfenstreich durch die Stadt mit der Kaderverabschiedung und Kaderernennung auf der Gebrüder-Schnell-Terrasse statt. Dabei findet auch die Fahnenübernahme statt und somit wird die Kadettenfahne zur offiziellen Solättefahne. Am Montagmorgen eröffnen dann die Kadetten das Fest mit der Tagwache und dem Umzug von der Unterstadt in die Oberstadt, wo anschliessend der Morgenumzug stattfindet. Sowohl am Morgenumzug als auch am Nachmittagsumzug führen die Kadetten die Umzüge an und starten als Erstes. Spätestens im „Staudecher“ erleben die Kinder und Jugendlichen der Kadetten eine unvergessliche Hühnerhautstimmung. Zusammen mit den anderen Burgdorfer Musikvereinen begleitet die Kadettenmusik am Nachmittag die letzte Polonaise mit dem Marsch „Jugend Voran“. Zum Schluss des Festes findet der Abendumzug zurück in die Oberstadt statt mit anschliessender Fahnenabgabe beim Gymnasium Burgdorf.</p>



<p class="wp-block-paragraph">Die Feierlichkeiten, Feste und Partys dauern bis spät in die Nacht und so mancher Heimweh-Burgdorfer trifft wieder einmal alte Bekannte und Freunde aus der Schulzeit und der Kadettenzeit.</p>



<hr class="wp-block-separator has-css-opacity is-style-wide"/>


<style>.wp-block-kadence-iconlist.kt-svg-icon-list-items3388_27a94f-21:not(.this-stops-third-party-issues){margin-top:0px;margin-bottom:0px;}.wp-block-kadence-iconlist.kt-svg-icon-list-items3388_27a94f-21 ul.kt-svg-icon-list:not(.this-prevents-issues):not(.this-stops-third-party-issues):not(.tijsloc){margin-top:0px;margin-right:0px;margin-bottom:10px;margin-left:0px;}.wp-block-kadence-iconlist.kt-svg-icon-list-items3388_27a94f-21 ul.kt-svg-icon-list{grid-row-gap:20px;}.wp-block-kadence-iconlist.kt-svg-icon-list-items3388_27a94f-21 ul.kt-svg-icon-list .kt-svg-icon-list-item-wrap .kt-svg-icon-list-single{margin-right:20px;}</style>
<div class="wp-block-kadence-iconlist kt-svg-icon-list-items kt-svg-icon-list-items3388_27a94f-21 kt-svg-icon-list-columns-1 alignnone"><ul class="kt-svg-icon-list"><style>.kt-svg-icon-list-item-3388_063c1a-e8 .kt-svg-icon-list-single{font-size:20px !important;}.kt-svg-icon-list-item-3388_063c1a-e8 .kt-svg-icon-list-text mark.kt-highlight{background-color:unset;font-style:normal;color:#f76a0c;-webkit-box-decoration-break:clone;box-decoration-break:clone;padding-top:0px;padding-right:0px;padding-bottom:0px;padding-left:0px;}</style>
<li class="wp-block-kadence-listitem kt-svg-icon-list-item-wrap kt-svg-icon-list-item-3388_063c1a-e8 kt-svg-icon-list-style-default"><span class="kb-svg-icon-wrap kb-svg-icon-fas_calendar-alt kt-svg-icon-list-single"><svg viewBox="0 0 448 512"  fill="currentColor" xmlns="http://www.w3.org/2000/svg"  aria-hidden="true"><path d="M436 160H12c-6.6 0-12-5.4-12-12v-36c0-26.5 21.5-48 48-48h48V12c0-6.6 5.4-12 12-12h40c6.6 0 12 5.4 12 12v52h128V12c0-6.6 5.4-12 12-12h40c6.6 0 12 5.4 12 12v52h48c26.5 0 48 21.5 48 48v36c0 6.6-5.4 12-12 12zM12 192h424c6.6 0 12 5.4 12 12v260c0 26.5-21.5 48-48 48H48c-26.5 0-48-21.5-48-48V204c0-6.6 5.4-12 12-12zm116 204c0-6.6-5.4-12-12-12H76c-6.6 0-12 5.4-12 12v40c0 6.6 5.4 12 12 12h40c6.6 0 12-5.4 12-12v-40zm0-128c0-6.6-5.4-12-12-12H76c-6.6 0-12 5.4-12 12v40c0 6.6 5.4 12 12 12h40c6.6 0 12-5.4 12-12v-40zm128 128c0-6.6-5.4-12-12-12h-40c-6.6 0-12 5.4-12 12v40c0 6.6 5.4 12 12 12h40c6.6 0 12-5.4 12-12v-40zm0-128c0-6.6-5.4-12-12-12h-40c-6.6 0-12 5.4-12 12v40c0 6.6 5.4 12 12 12h40c6.6 0 12-5.4 12-12v-40zm128 128c0-6.6-5.4-12-12-12h-40c-6.6 0-12 5.4-12 12v40c0 6.6 5.4 12 12 12h40c6.6 0 12-5.4 12-12v-40zm0-128c0-6.6-5.4-12-12-12h-40c-6.6 0-12 5.4-12 12v40c0 6.6 5.4 12 12 12h40c6.6 0 12-5.4 12-12v-40z"/></svg></span><span class="kt-svg-icon-list-text">Nächste Solätte: Montag, 28. Juni 2027</span></li>


<style>.kt-svg-icon-list-item-3388_20e3ab-8e .kt-svg-icon-list-text mark.kt-highlight{background-color:unset;font-style:normal;color:#f76a0c;-webkit-box-decoration-break:clone;box-decoration-break:clone;padding-top:0px;padding-right:0px;padding-bottom:0px;padding-left:0px;}</style>
<li class="wp-block-kadence-listitem kt-svg-icon-list-item-wrap kt-svg-icon-list-item-3388_20e3ab-8e"><span class="kb-svg-icon-wrap kb-svg-icon-fas_camera kt-svg-icon-list-single"><svg viewBox="0 0 512 512"  fill="currentColor" xmlns="http://www.w3.org/2000/svg"  aria-hidden="true"><path d="M512 144v288c0 26.5-21.5 48-48 48H48c-26.5 0-48-21.5-48-48V144c0-26.5 21.5-48 48-48h88l12.3-32.9c7-18.7 24.9-31.1 44.9-31.1h125.5c20 0 37.9 12.4 44.9 31.1L376 96h88c26.5 0 48 21.5 48 48zM376 288c0-66.2-53.8-120-120-120s-120 53.8-120 120 53.8 120 120 120 120-53.8 120-120zm-32 0c0 48.5-39.5 88-88 88s-88-39.5-88-88 39.5-88 88-88 88 39.5 88 88z"/></svg></span><span class="kt-svg-icon-list-text"><a href="https://www.flickr.com/photos/kadetten-burgdorf/albums/72177720334778547/" target="_blank" rel="noreferrer noopener">Fotos Zapfenstreich 2026</a></span></li>


<style>.kt-svg-icon-list-item-3388_291ece-cc .kt-svg-icon-list-text mark.kt-highlight{background-color:unset;font-style:normal;color:#f76a0c;-webkit-box-decoration-break:clone;box-decoration-break:clone;padding-top:0px;padding-right:0px;padding-bottom:0px;padding-left:0px;}</style>
<li class="wp-block-kadence-listitem kt-svg-icon-list-item-wrap kt-svg-icon-list-item-3388_291ece-cc"><span class="kb-svg-icon-wrap kb-svg-icon-fas_camera kt-svg-icon-list-single"><svg viewBox="0 0 512 512"  fill="currentColor" xmlns="http://www.w3.org/2000/svg"  aria-hidden="true"><path d="M512 144v288c0 26.5-21.5 48-48 48H48c-26.5 0-48-21.5-48-48V144c0-26.5 21.5-48 48-48h88l12.3-32.9c7-18.7 24.9-31.1 44.9-31.1h125.5c20 0 37.9 12.4 44.9 31.1L376 96h88c26.5 0 48 21.5 48 48zM376 288c0-66.2-53.8-120-120-120s-120 53.8-120 120 53.8 120 120 120 120-53.8 120-120zm-32 0c0 48.5-39.5 88-88 88s-88-39.5-88-88 39.5-88 88-88 88 39.5 88 88z"/></svg></span><span class="kt-svg-icon-list-text"><a href="https://www.flickr.com/photos/kadetten-burgdorf/albums/72177720334802624" target="_blank" rel="noreferrer noopener">Fotos Solätte 2026</a></span></li>


<style>.kt-svg-icon-list-item-3388_9c973e-22 .kt-svg-icon-list-text mark.kt-highlight{background-color:unset;font-style:normal;color:#f76a0c;-webkit-box-decoration-break:clone;box-decoration-break:clone;padding-top:0px;padding-right:0px;padding-bottom:0px;padding-left:0px;}</style>
<li class="wp-block-kadence-listitem kt-svg-icon-list-item-wrap kt-svg-icon-list-item-3388_9c973e-22"><span class="kb-svg-icon-wrap kb-svg-icon-fas_video kt-svg-icon-list-single"><svg viewBox="0 0 576 512"  fill="currentColor" xmlns="http://www.w3.org/2000/svg"  aria-hidden="true"><path d="M336.2 64H47.8C21.4 64 0 85.4 0 111.8v288.4C0 426.6 21.4 448 47.8 448h288.4c26.4 0 47.8-21.4 47.8-47.8V111.8c0-26.4-21.4-47.8-47.8-47.8zm189.4 37.7L416 177.3v157.4l109.6 75.5c21.2 14.6 50.4-.3 50.4-25.8V127.5c0-25.4-29.1-40.4-50.4-25.8z"/></svg></span><span class="kt-svg-icon-list-text"><a href="https://www.youtube.com/watch?v=PKUecB1YMGg" target="_blank" rel="noreferrer noopener">Video Zapfenstreich 2024</a></span></li>
</ul></div>

<p>Einmal im Jahr verwandelt sich die ganze Stadt Burgdorf in einen Ort der festlichen Stimmung und des Feierns… und dies &#8230; </p>
<p class="read-more-container"><a title="Solätte" class="read-more button" href="https://www.kadetten-burgdorf.ch/website/?page_id=3388#more-3388" aria-label="Mehr Informationen über Solätte">WEITERLESEN</a></p>
