{"id":3385,"date":"2018-06-22T17:16:16","date_gmt":"2018-06-22T15:16:16","guid":{"rendered":"https:\/\/www.kadetten-burgdorf.ch\/website\/?page_id=3385"},"modified":"2026-07-24T09:52:13","modified_gmt":"2026-07-24T07:52:13","slug":"raclette-abend","status":"publish","type":"page","link":"https:\/\/www.kadetten-burgdorf.ch\/website\/?page_id=3385","title":{"rendered":"Raclette-Abend"},"content":{"rendered":"\n<p class=\"wp-block-paragraph\">Der Raclette-Abend der Kadetten Burgdorf vereint gutes Essen mit geselligem Beisammensein und ist zugleich jeweils der Abschluss des Kadettenjahres. Immer im November l\u00e4dt die Vereinigung f\u00fcr das Kadettenwesen der Stadt Burgdorf zu diesem Anlass ein. Alle, das heisst Kinder, Eltern, Verwandte, Bekannte und Freunde der Kadetten Burgdorf, sind zum Raclette-Abend herzlich eingeladen. Dieser wird begleitet von einem kleinen \u00abSt\u00e4ndli\u00bb der Kadettenmusik.<\/p>\n\n\n\n<p class=\"wp-block-paragraph\">Der Raclette-Abend ist kein Sponsoring-Anlass. Daher ist das Raclette f\u00fcr alle und \u00e0 discretion gratis! Mit diesem Anlass m\u00f6chten wir jedoch viele neue Mitglieder f\u00fcr die Vereinigung f\u00fcr das Kadettenwesen der Stadt Burgdorf gewinnen und so auch in Zukunft ausserordentliche Anschaffungen oder Unterst\u00fctzungsbeitr\u00e4ge erm\u00f6glichen.<\/p>\n\n\n\n<hr class=\"wp-block-separator has-css-opacity is-style-wide\"\/>\n\n\n<style>.wp-block-kadence-iconlist.kt-svg-icon-list-items3385_2525b4-eb:not(.this-stops-third-party-issues){margin-top:0px;margin-bottom:0px;}.wp-block-kadence-iconlist.kt-svg-icon-list-items3385_2525b4-eb ul.kt-svg-icon-list:not(.this-prevents-issues):not(.this-stops-third-party-issues):not(.tijsloc){margin-top:0px;margin-right:0px;margin-bottom:10px;margin-left:0px;}.wp-block-kadence-iconlist.kt-svg-icon-list-items3385_2525b4-eb ul.kt-svg-icon-list{grid-row-gap:20px;}.wp-block-kadence-iconlist.kt-svg-icon-list-items3385_2525b4-eb ul.kt-svg-icon-list .kt-svg-icon-list-item-wrap .kt-svg-icon-list-single{margin-right:20px;}<\/style>\n<div class=\"wp-block-kadence-iconlist kt-svg-icon-list-items kt-svg-icon-list-items3385_2525b4-eb kt-svg-icon-list-columns-1 alignnone\"><ul class=\"kt-svg-icon-list\"><style>.kt-svg-icon-list-item-3385_f745db-da .kt-svg-icon-list-single{font-size:20px !important;}.kt-svg-icon-list-item-3385_f745db-da .kt-svg-icon-list-text mark.kt-highlight{background-color:unset;font-style:normal;color:#f76a0c;-webkit-box-decoration-break:clone;box-decoration-break:clone;padding-top:0px;padding-right:0px;padding-bottom:0px;padding-left:0px;}<\/style>\n<li class=\"wp-block-kadence-listitem kt-svg-icon-list-item-wrap kt-svg-icon-list-item-3385_f745db-da kt-svg-icon-list-style-default\"><span class=\"kb-svg-icon-wrap kb-svg-icon-fas_calendar-alt kt-svg-icon-list-single\"><svg viewBox=\"0 0 448 512\"  fill=\"currentColor\" xmlns=\"http:\/\/www.w3.org\/2000\/svg\"  aria-hidden=\"true\"><path d=\"M436 160H12c-6.6 0-12-5.4-12-12v-36c0-26.5 21.5-48 48-48h48V12c0-6.6 5.4-12 12-12h40c6.6 0 12 5.4 12 12v52h128V12c0-6.6 5.4-12 12-12h40c6.6 0 12 5.4 12 12v52h48c26.5 0 48 21.5 48 48v36c0 6.6-5.4 12-12 12zM12 192h424c6.6 0 12 5.4 12 12v260c0 26.5-21.5 48-48 48H48c-26.5 0-48-21.5-48-48V204c0-6.6 5.4-12 12-12zm116 204c0-6.6-5.4-12-12-12H76c-6.6 0-12 5.4-12 12v40c0 6.6 5.4 12 12 12h40c6.6 0 12-5.4 12-12v-40zm0-128c0-6.6-5.4-12-12-12H76c-6.6 0-12 5.4-12 12v40c0 6.6 5.4 12 12 12h40c6.6 0 12-5.4 12-12v-40zm128 128c0-6.6-5.4-12-12-12h-40c-6.6 0-12 5.4-12 12v40c0 6.6 5.4 12 12 12h40c6.6 0 12-5.4 12-12v-40zm0-128c0-6.6-5.4-12-12-12h-40c-6.6 0-12 5.4-12 12v40c0 6.6 5.4 12 12 12h40c6.6 0 12-5.4 12-12v-40zm128 128c0-6.6-5.4-12-12-12h-40c-6.6 0-12 5.4-12 12v40c0 6.6 5.4 12 12 12h40c6.6 0 12-5.4 12-12v-40zm0-128c0-6.6-5.4-12-12-12h-40c-6.6 0-12 5.4-12 12v40c0 6.6 5.4 12 12 12h40c6.6 0 12-5.4 12-12v-40z\"\/><\/svg><\/span><span class=\"kt-svg-icon-list-text\">N\u00e4chster Raclette-Abend: Samstag 7. November 2026<\/span><\/li>\n\n\n<style>.kt-svg-icon-list-item-3385_7b210d-6b .kt-svg-icon-list-single{font-size:20px !important;}.kt-svg-icon-list-item-3385_7b210d-6b .kt-svg-icon-list-text mark.kt-highlight{background-color:unset;font-style:normal;color:#f76a0c;-webkit-box-decoration-break:clone;box-decoration-break:clone;padding-top:0px;padding-right:0px;padding-bottom:0px;padding-left:0px;}<\/style>\n<li class=\"wp-block-kadence-listitem kt-svg-icon-list-item-wrap kt-svg-icon-list-item-3385_7b210d-6b kt-svg-icon-list-style-default\"><span class=\"kb-svg-icon-wrap kb-svg-icon-fas_camera kt-svg-icon-list-single\"><svg viewBox=\"0 0 512 512\"  fill=\"currentColor\" xmlns=\"http:\/\/www.w3.org\/2000\/svg\"  aria-hidden=\"true\"><path d=\"M512 144v288c0 26.5-21.5 48-48 48H48c-26.5 0-48-21.5-48-48V144c0-26.5 21.5-48 48-48h88l12.3-32.9c7-18.7 24.9-31.1 44.9-31.1h125.5c20 0 37.9 12.4 44.9 31.1L376 96h88c26.5 0 48 21.5 48 48zM376 288c0-66.2-53.8-120-120-120s-120 53.8-120 120 53.8 120 120 120 120-53.8 120-120zm-32 0c0 48.5-39.5 88-88 88s-88-39.5-88-88 39.5-88 88-88 88 39.5 88 88z\"\/><\/svg><\/span><span class=\"kt-svg-icon-list-text\"><a href=\"https:\/\/www.flickr.com\/photos\/kadetten-burgdorf\/albums\/72177720330246382\/\" target=\"_blank\" rel=\"noreferrer noopener\">Probesamstag &amp; Raclette-Abend 2025<\/a><\/span><\/li>\n<\/ul><\/div>\n\n\n\n<p class=\"wp-block-paragraph\"><\/p>\n","protected":false},"excerpt":{"rendered":"<p>Der Raclette-Abend der Kadetten Burgdorf vereint gutes Essen mit geselligem Beisammensein und ist zugleich jeweils der Abschluss des Kadettenjahres. Immer &#8230; <\/p>\n<p class=\"read-more-container\"><a title=\"Raclette-Abend\" class=\"read-more button\" href=\"https:\/\/www.kadetten-burgdorf.ch\/website\/?page_id=3385#more-3385\" aria-label=\"Mehr Informationen \u00fcber Raclette-Abend\">WEITERLESEN<\/a><\/p>\n","protected":false},"author":12,"featured_media":0,"parent":3152,"menu_order":0,"comment_status":"closed","ping_status":"closed","template":"","meta":{"generate_page_header":"","footnotes":""},"class_list":["post-3385","page","type-page","status-publish","no-featured-image-padding"],"jetpack_shortlink":"https:\/\/wp.me\/P2pfNG-SB","jetpack_sharing_enabled":false,"_links":{"self":[{"href":"https:\/\/www.kadetten-burgdorf.ch\/website\/index.php?rest_route=\/wp\/v2\/pages\/3385","targetHints":{"allow":["GET"]}}],"collection":[{"href":"https:\/\/www.kadetten-burgdorf.ch\/website\/index.php?rest_route=\/wp\/v2\/pages"}],"about":[{"href":"https:\/\/www.kadetten-burgdorf.ch\/website\/index.php?rest_route=\/wp\/v2\/types\/page"}],"author":[{"embeddable":true,"href":"https:\/\/www.kadetten-burgdorf.ch\/website\/index.php?rest_route=\/wp\/v2\/users\/12"}],"replies":[{"embeddable":true,"href":"https:\/\/www.kadetten-burgdorf.ch\/website\/index.php?rest_route=%2Fwp%2Fv2%2Fcomments&post=3385"}],"version-history":[{"count":16,"href":"https:\/\/www.kadetten-burgdorf.ch\/website\/index.php?rest_route=\/wp\/v2\/pages\/3385\/revisions"}],"predecessor-version":[{"id":6998,"href":"https:\/\/www.kadetten-burgdorf.ch\/website\/index.php?rest_route=\/wp\/v2\/pages\/3385\/revisions\/6998"}],"up":[{"embeddable":true,"href":"https:\/\/www.kadetten-burgdorf.ch\/website\/index.php?rest_route=\/wp\/v2\/pages\/3152"}],"wp:attachment":[{"href":"https:\/\/www.kadetten-burgdorf.ch\/website\/index.php?rest_route=%2Fwp%2Fv2%2Fmedia&parent=3385"}],"curies":[{"name":"wp","href":"https:\/\/api.w.org\/{rel}","templated":true}]}}

<p class="wp-block-paragraph">Der Raclette-Abend der Kadetten Burgdorf vereint gutes Essen mit geselligem Beisammensein und ist zugleich jeweils der Abschluss des Kadettenjahres. Immer im November lädt die Vereinigung für das Kadettenwesen der Stadt Burgdorf zu diesem Anlass ein. Alle, das heisst Kinder, Eltern, Verwandte, Bekannte und Freunde der Kadetten Burgdorf, sind zum Raclette-Abend herzlich eingeladen. Dieser wird begleitet von einem kleinen «Ständli» der Kadettenmusik.</p>



<p class="wp-block-paragraph">Der Raclette-Abend ist kein Sponsoring-Anlass. Daher ist das Raclette für alle und à discretion gratis! Mit diesem Anlass möchten wir jedoch viele neue Mitglieder für die Vereinigung für das Kadettenwesen der Stadt Burgdorf gewinnen und so auch in Zukunft ausserordentliche Anschaffungen oder Unterstützungsbeiträge ermöglichen.</p>



<hr class="wp-block-separator has-css-opacity is-style-wide"/>


<style>.wp-block-kadence-iconlist.kt-svg-icon-list-items3385_2525b4-eb:not(.this-stops-third-party-issues){margin-top:0px;margin-bottom:0px;}.wp-block-kadence-iconlist.kt-svg-icon-list-items3385_2525b4-eb ul.kt-svg-icon-list:not(.this-prevents-issues):not(.this-stops-third-party-issues):not(.tijsloc){margin-top:0px;margin-right:0px;margin-bottom:10px;margin-left:0px;}.wp-block-kadence-iconlist.kt-svg-icon-list-items3385_2525b4-eb ul.kt-svg-icon-list{grid-row-gap:20px;}.wp-block-kadence-iconlist.kt-svg-icon-list-items3385_2525b4-eb ul.kt-svg-icon-list .kt-svg-icon-list-item-wrap .kt-svg-icon-list-single{margin-right:20px;}</style>
<div class="wp-block-kadence-iconlist kt-svg-icon-list-items kt-svg-icon-list-items3385_2525b4-eb kt-svg-icon-list-columns-1 alignnone"><ul class="kt-svg-icon-list"><style>.kt-svg-icon-list-item-3385_f745db-da .kt-svg-icon-list-single{font-size:20px !important;}.kt-svg-icon-list-item-3385_f745db-da .kt-svg-icon-list-text mark.kt-highlight{background-color:unset;font-style:normal;color:#f76a0c;-webkit-box-decoration-break:clone;box-decoration-break:clone;padding-top:0px;padding-right:0px;padding-bottom:0px;padding-left:0px;}</style>
<li class="wp-block-kadence-listitem kt-svg-icon-list-item-wrap kt-svg-icon-list-item-3385_f745db-da kt-svg-icon-list-style-default"><span class="kb-svg-icon-wrap kb-svg-icon-fas_calendar-alt kt-svg-icon-list-single"><svg viewBox="0 0 448 512"  fill="currentColor" xmlns="http://www.w3.org/2000/svg"  aria-hidden="true"><path d="M436 160H12c-6.6 0-12-5.4-12-12v-36c0-26.5 21.5-48 48-48h48V12c0-6.6 5.4-12 12-12h40c6.6 0 12 5.4 12 12v52h128V12c0-6.6 5.4-12 12-12h40c6.6 0 12 5.4 12 12v52h48c26.5 0 48 21.5 48 48v36c0 6.6-5.4 12-12 12zM12 192h424c6.6 0 12 5.4 12 12v260c0 26.5-21.5 48-48 48H48c-26.5 0-48-21.5-48-48V204c0-6.6 5.4-12 12-12zm116 204c0-6.6-5.4-12-12-12H76c-6.6 0-12 5.4-12 12v40c0 6.6 5.4 12 12 12h40c6.6 0 12-5.4 12-12v-40zm0-128c0-6.6-5.4-12-12-12H76c-6.6 0-12 5.4-12 12v40c0 6.6 5.4 12 12 12h40c6.6 0 12-5.4 12-12v-40zm128 128c0-6.6-5.4-12-12-12h-40c-6.6 0-12 5.4-12 12v40c0 6.6 5.4 12 12 12h40c6.6 0 12-5.4 12-12v-40zm0-128c0-6.6-5.4-12-12-12h-40c-6.6 0-12 5.4-12 12v40c0 6.6 5.4 12 12 12h40c6.6 0 12-5.4 12-12v-40zm128 128c0-6.6-5.4-12-12-12h-40c-6.6 0-12 5.4-12 12v40c0 6.6 5.4 12 12 12h40c6.6 0 12-5.4 12-12v-40zm0-128c0-6.6-5.4-12-12-12h-40c-6.6 0-12 5.4-12 12v40c0 6.6 5.4 12 12 12h40c6.6 0 12-5.4 12-12v-40z"/></svg></span><span class="kt-svg-icon-list-text">Nächster Raclette-Abend: Samstag 7. November 2026</span></li>


<style>.kt-svg-icon-list-item-3385_7b210d-6b .kt-svg-icon-list-single{font-size:20px !important;}.kt-svg-icon-list-item-3385_7b210d-6b .kt-svg-icon-list-text mark.kt-highlight{background-color:unset;font-style:normal;color:#f76a0c;-webkit-box-decoration-break:clone;box-decoration-break:clone;padding-top:0px;padding-right:0px;padding-bottom:0px;padding-left:0px;}</style>
<li class="wp-block-kadence-listitem kt-svg-icon-list-item-wrap kt-svg-icon-list-item-3385_7b210d-6b kt-svg-icon-list-style-default"><span class="kb-svg-icon-wrap kb-svg-icon-fas_camera kt-svg-icon-list-single"><svg viewBox="0 0 512 512"  fill="currentColor" xmlns="http://www.w3.org/2000/svg"  aria-hidden="true"><path d="M512 144v288c0 26.5-21.5 48-48 48H48c-26.5 0-48-21.5-48-48V144c0-26.5 21.5-48 48-48h88l12.3-32.9c7-18.7 24.9-31.1 44.9-31.1h125.5c20 0 37.9 12.4 44.9 31.1L376 96h88c26.5 0 48 21.5 48 48zM376 288c0-66.2-53.8-120-120-120s-120 53.8-120 120 53.8 120 120 120 120-53.8 120-120zm-32 0c0 48.5-39.5 88-88 88s-88-39.5-88-88 39.5-88 88-88 88 39.5 88 88z"/></svg></span><span class="kt-svg-icon-list-text"><a href="https://www.flickr.com/photos/kadetten-burgdorf/albums/72177720330246382/" target="_blank" rel="noreferrer noopener">Probesamstag &amp; Raclette-Abend 2025</a></span></li>
</ul></div>



<p class="wp-block-paragraph"></p>

<p>Der Raclette-Abend der Kadetten Burgdorf vereint gutes Essen mit geselligem Beisammensein und ist zugleich jeweils der Abschluss des Kadettenjahres. Immer &#8230; </p>
<p class="read-more-container"><a title="Raclette-Abend" class="read-more button" href="https://www.kadetten-burgdorf.ch/website/?page_id=3385#more-3385" aria-label="Mehr Informationen über Raclette-Abend">WEITERLESEN</a></p>
