{"id":3368,"date":"2018-06-22T15:46:12","date_gmt":"2018-06-22T13:46:12","guid":{"rendered":"https:\/\/www.kadetten-burgdorf.ch\/website\/?page_id=3368"},"modified":"2026-07-24T09:49:47","modified_gmt":"2026-07-24T07:49:47","slug":"kadettentage","status":"publish","type":"page","link":"https:\/\/www.kadetten-burgdorf.ch\/website\/?page_id=3368","title":{"rendered":"Kadettentage"},"content":{"rendered":"\n<p class=\"wp-block-paragraph\">Die Kadettentage sind das Highlight im Jahreskalender unter allen Kadettenkorps der Schweiz. Deshalb sind es offiziell auch die eidg. Kadettentage.<\/p>\n\n\n\n<p class=\"wp-block-paragraph\">Jeweils im September findet dieser 2-t\u00e4gige Anlass in der Heimatstadt eines Korps statt. Immer 2 Jahre hintereinander am selben Ort, bevor man wieder in die n\u00e4chste Hochburg eines neuen Korps zieht. An diesem Anlass treffen sich alle Korps der Schweiz und messen sich gegenseitig in musikalischen und sportlichen Disziplinen. Unter den Korps besteht eine gesunde und faire Rivalit\u00e4t, die immer wieder spannende Begegnungen hervorruft. Das erste Highlight an den Kadettentagen ist bereits am Samstagmorgen der Leichtathletik-Mehrkampf. Hier werden Disziplinen wie 1000m-Lauf, 80m-Sprint, Kugelstossen oder Weitsprung durchgef\u00fchrt. Nach dem Mittag findet die Marschmusikdemonstration statt. Hier sind nun die Musikanten gefragt. Von einer Jury wird sowohl das Milit\u00e4rische wie auch das Musikalische bewertet. Gleich anschliessend steigt der L\u00e4rmpegel rapide an. Der Stadtlauf steht auf dem Programm. Hier treten von jedem Korps die besten L\u00e4uferinnen und L\u00e4ufer in einer Team-Stafette gegeneinander an. Und das gesamte Korps feuert diese lautstark an \u2013 G\u00e4nsehautstimmung ist garantiert! Am Samstagabend unterhalten die Musikkorps die Zuh\u00f6rerinnen und Zuh\u00f6rer mit ihren Konzertvortr\u00e4gen.<\/p>\n\n\n\n<p class=\"wp-block-paragraph\">Der Sonntagmorgen ist gepr\u00e4gt von sportlichen Turnieren wie z.B. Fussball, Unihockey oder Handball. Aber auch aussergew\u00f6hnliche Wettk\u00e4mpfe wie das \u201eAbkochen\u201c verleihen den Kadettentagen ihren unvergesslichen Charme. Nach den Pendel-Stafetten kurz nach dem Mittag und der anschliessenden Rangverk\u00fcndigung enden die Kadettentage am Sonntagnachmittag.<\/p>\n\n\n\n<p class=\"wp-block-paragraph\">Dieser Anlass ist f\u00fcr die Kadetten etwas ganz Besonderes. Sowohl sportlich als auch sozial. Hier lernen sie eine gesunde Mischung aus Ehrgeiz und Fairness und erleben mit Gleichaltrigen ein tolles Wochenende. Schlafen in einer Turnhalle geh\u00f6rt nat\u00fcrlich auch dazu.<\/p>\n\n\n\n<hr class=\"wp-block-separator has-css-opacity is-style-wide\"\/>\n\n\n\n<p class=\"wp-block-paragraph\">Die n\u00e4chsten Kadettentage:<\/p>\n\n\n<style>.wp-block-kadence-iconlist.kt-svg-icon-list-items3368_f28d5a-9e:not(.this-stops-third-party-issues){margin-top:0px;margin-bottom:0px;}.wp-block-kadence-iconlist.kt-svg-icon-list-items3368_f28d5a-9e ul.kt-svg-icon-list:not(.this-prevents-issues):not(.this-stops-third-party-issues):not(.tijsloc){margin-top:0px;margin-right:0px;margin-bottom:10px;margin-left:0px;}.wp-block-kadence-iconlist.kt-svg-icon-list-items3368_f28d5a-9e ul.kt-svg-icon-list{grid-row-gap:20px;}.wp-block-kadence-iconlist.kt-svg-icon-list-items3368_f28d5a-9e ul.kt-svg-icon-list .kt-svg-icon-list-item-wrap .kt-svg-icon-list-single{margin-right:20px;}<\/style>\n<div class=\"wp-block-kadence-iconlist kt-svg-icon-list-items kt-svg-icon-list-items3368_f28d5a-9e kt-svg-icon-list-columns-1 alignnone\"><ul class=\"kt-svg-icon-list\"><style>.kt-svg-icon-list-item-3368_7bdf1c-44 .kt-svg-icon-list-single{font-size:20px !important;}.kt-svg-icon-list-item-3368_7bdf1c-44 .kt-svg-icon-list-text mark.kt-highlight{background-color:unset;font-style:normal;color:#f76a0c;-webkit-box-decoration-break:clone;box-decoration-break:clone;padding-top:0px;padding-right:0px;padding-bottom:0px;padding-left:0px;}<\/style>\n<li class=\"wp-block-kadence-listitem kt-svg-icon-list-item-wrap kt-svg-icon-list-item-3368_7bdf1c-44 kt-svg-icon-list-style-default\"><span class=\"kb-svg-icon-wrap kb-svg-icon-fas_calendar-alt kt-svg-icon-list-single\"><svg viewBox=\"0 0 448 512\"  fill=\"currentColor\" xmlns=\"http:\/\/www.w3.org\/2000\/svg\"  aria-hidden=\"true\"><path d=\"M436 160H12c-6.6 0-12-5.4-12-12v-36c0-26.5 21.5-48 48-48h48V12c0-6.6 5.4-12 12-12h40c6.6 0 12 5.4 12 12v52h128V12c0-6.6 5.4-12 12-12h40c6.6 0 12 5.4 12 12v52h48c26.5 0 48 21.5 48 48v36c0 6.6-5.4 12-12 12zM12 192h424c6.6 0 12 5.4 12 12v260c0 26.5-21.5 48-48 48H48c-26.5 0-48-21.5-48-48V204c0-6.6 5.4-12 12-12zm116 204c0-6.6-5.4-12-12-12H76c-6.6 0-12 5.4-12 12v40c0 6.6 5.4 12 12 12h40c6.6 0 12-5.4 12-12v-40zm0-128c0-6.6-5.4-12-12-12H76c-6.6 0-12 5.4-12 12v40c0 6.6 5.4 12 12 12h40c6.6 0 12-5.4 12-12v-40zm128 128c0-6.6-5.4-12-12-12h-40c-6.6 0-12 5.4-12 12v40c0 6.6 5.4 12 12 12h40c6.6 0 12-5.4 12-12v-40zm0-128c0-6.6-5.4-12-12-12h-40c-6.6 0-12 5.4-12 12v40c0 6.6 5.4 12 12 12h40c6.6 0 12-5.4 12-12v-40zm128 128c0-6.6-5.4-12-12-12h-40c-6.6 0-12 5.4-12 12v40c0 6.6 5.4 12 12 12h40c6.6 0 12-5.4 12-12v-40zm0-128c0-6.6-5.4-12-12-12h-40c-6.6 0-12 5.4-12 12v40c0 6.6 5.4 12 12 12h40c6.6 0 12-5.4 12-12v-40z\"\/><\/svg><\/span><span class=\"kt-svg-icon-list-text\">Sa. &amp; So., 12. &amp; 13. September 2026 (Murten)<\/span><\/li>\n\n\n<style>.kt-svg-icon-list-item-3368_9b1404-34 .kt-svg-icon-list-single{font-size:20px !important;}.kt-svg-icon-list-item-3368_9b1404-34 .kt-svg-icon-list-text mark.kt-highlight{background-color:unset;font-style:normal;color:#f76a0c;-webkit-box-decoration-break:clone;box-decoration-break:clone;padding-top:0px;padding-right:0px;padding-bottom:0px;padding-left:0px;}<\/style>\n<li class=\"wp-block-kadence-listitem kt-svg-icon-list-item-wrap kt-svg-icon-list-item-3368_9b1404-34 kt-svg-icon-list-style-default\"><span class=\"kb-svg-icon-wrap kb-svg-icon-fas_camera kt-svg-icon-list-single\"><svg viewBox=\"0 0 512 512\"  fill=\"currentColor\" xmlns=\"http:\/\/www.w3.org\/2000\/svg\"  aria-hidden=\"true\"><path d=\"M512 144v288c0 26.5-21.5 48-48 48H48c-26.5 0-48-21.5-48-48V144c0-26.5 21.5-48 48-48h88l12.3-32.9c7-18.7 24.9-31.1 44.9-31.1h125.5c20 0 37.9 12.4 44.9 31.1L376 96h88c26.5 0 48 21.5 48 48zM376 288c0-66.2-53.8-120-120-120s-120 53.8-120 120 53.8 120 120 120 120-53.8 120-120zm-32 0c0 48.5-39.5 88-88 88s-88-39.5-88-88 39.5-88 88-88 88 39.5 88 88z\"\/><\/svg><\/span><span class=\"kt-svg-icon-list-text\"><a href=\"https:\/\/www.flickr.com\/photos\/kadetten-burgdorf\/albums\/72177720329117390\/\" target=\"_blank\" rel=\"noreferrer noopener\">Fotos Kadettentage 2025 (Murten, Samstag)<\/a><\/span><\/li>\n\n\n<style>.kt-svg-icon-list-item-3368_e3b9a8-bc .kt-svg-icon-list-single{font-size:20px !important;}.kt-svg-icon-list-item-3368_e3b9a8-bc .kt-svg-icon-list-text mark.kt-highlight{background-color:unset;font-style:normal;color:#f76a0c;-webkit-box-decoration-break:clone;box-decoration-break:clone;padding-top:0px;padding-right:0px;padding-bottom:0px;padding-left:0px;}<\/style>\n<li class=\"wp-block-kadence-listitem kt-svg-icon-list-item-wrap kt-svg-icon-list-item-3368_e3b9a8-bc kt-svg-icon-list-style-default\"><span class=\"kb-svg-icon-wrap kb-svg-icon-fas_camera kt-svg-icon-list-single\"><svg viewBox=\"0 0 512 512\"  fill=\"currentColor\" xmlns=\"http:\/\/www.w3.org\/2000\/svg\"  aria-hidden=\"true\"><path d=\"M512 144v288c0 26.5-21.5 48-48 48H48c-26.5 0-48-21.5-48-48V144c0-26.5 21.5-48 48-48h88l12.3-32.9c7-18.7 24.9-31.1 44.9-31.1h125.5c20 0 37.9 12.4 44.9 31.1L376 96h88c26.5 0 48 21.5 48 48zM376 288c0-66.2-53.8-120-120-120s-120 53.8-120 120 53.8 120 120 120 120-53.8 120-120zm-32 0c0 48.5-39.5 88-88 88s-88-39.5-88-88 39.5-88 88-88 88 39.5 88 88z\"\/><\/svg><\/span><span class=\"kt-svg-icon-list-text\"><a href=\"https:\/\/www.flickr.com\/photos\/kadetten-burgdorf\/albums\/72177720329121136\/\">Fotos Kadettentage 2025 (Murten, Sonntag)<\/a><\/span><\/li>\n\n\n<style>.kt-svg-icon-list-item-3368_ef8b50-90 .kt-svg-icon-list-single{font-size:20px !important;}.kt-svg-icon-list-item-3368_ef8b50-90 .kt-svg-icon-list-text mark.kt-highlight{background-color:unset;font-style:normal;color:#f76a0c;-webkit-box-decoration-break:clone;box-decoration-break:clone;padding-top:0px;padding-right:0px;padding-bottom:0px;padding-left:0px;}<\/style>\n<li class=\"wp-block-kadence-listitem kt-svg-icon-list-item-wrap kt-svg-icon-list-item-3368_ef8b50-90 kt-svg-icon-list-style-default\"><span class=\"kb-svg-icon-wrap kb-svg-icon-ic_link kt-svg-icon-list-single\"><svg viewBox=\"0 0 8 8\"  fill=\"currentColor\" xmlns=\"http:\/\/www.w3.org\/2000\/svg\"  aria-hidden=\"true\"><path d=\"M0 0v8h8v-2h-1v1h-6v-6h1v-1h-2zm4 0l1.5 1.5-2.5 2.5 1 1 2.5-2.5 1.5 1.5v-4h-4z\"\/><\/svg><\/span><span class=\"kt-svg-icon-list-text\"><a href=\"https:\/\/kadetten-murten.ch\/kad3\/index.php\/kadettentage-25-26\" target=\"_blank\" rel=\"noreferrer noopener\">Website Kadettentage Murten 2025<\/a><\/span><\/li>\n<\/ul><\/div>\n\n\n\n<p class=\"wp-block-paragraph\"><\/p>\n","protected":false},"excerpt":{"rendered":"<p>Die Kadettentage sind das Highlight im Jahreskalender unter allen Kadettenkorps der Schweiz. Deshalb sind es offiziell auch die eidg. Kadettentage. &#8230; <\/p>\n<p class=\"read-more-container\"><a title=\"Kadettentage\" class=\"read-more button\" href=\"https:\/\/www.kadetten-burgdorf.ch\/website\/?page_id=3368#more-3368\" aria-label=\"Mehr Informationen \u00fcber Kadettentage\">WEITERLESEN<\/a><\/p>\n","protected":false},"author":12,"featured_media":0,"parent":3152,"menu_order":0,"comment_status":"closed","ping_status":"closed","template":"","meta":{"generate_page_header":"","footnotes":""},"class_list":["post-3368","page","type-page","status-publish","no-featured-image-padding"],"jetpack_shortlink":"https:\/\/wp.me\/P2pfNG-Sk","jetpack_sharing_enabled":false,"_links":{"self":[{"href":"https:\/\/www.kadetten-burgdorf.ch\/website\/index.php?rest_route=\/wp\/v2\/pages\/3368","targetHints":{"allow":["GET"]}}],"collection":[{"href":"https:\/\/www.kadetten-burgdorf.ch\/website\/index.php?rest_route=\/wp\/v2\/pages"}],"about":[{"href":"https:\/\/www.kadetten-burgdorf.ch\/website\/index.php?rest_route=\/wp\/v2\/types\/page"}],"author":[{"embeddable":true,"href":"https:\/\/www.kadetten-burgdorf.ch\/website\/index.php?rest_route=\/wp\/v2\/users\/12"}],"replies":[{"embeddable":true,"href":"https:\/\/www.kadetten-burgdorf.ch\/website\/index.php?rest_route=%2Fwp%2Fv2%2Fcomments&post=3368"}],"version-history":[{"count":20,"href":"https:\/\/www.kadetten-burgdorf.ch\/website\/index.php?rest_route=\/wp\/v2\/pages\/3368\/revisions"}],"predecessor-version":[{"id":6995,"href":"https:\/\/www.kadetten-burgdorf.ch\/website\/index.php?rest_route=\/wp\/v2\/pages\/3368\/revisions\/6995"}],"up":[{"embeddable":true,"href":"https:\/\/www.kadetten-burgdorf.ch\/website\/index.php?rest_route=\/wp\/v2\/pages\/3152"}],"wp:attachment":[{"href":"https:\/\/www.kadetten-burgdorf.ch\/website\/index.php?rest_route=%2Fwp%2Fv2%2Fmedia&parent=3368"}],"curies":[{"name":"wp","href":"https:\/\/api.w.org\/{rel}","templated":true}]}}

<p class="wp-block-paragraph">Die Kadettentage sind das Highlight im Jahreskalender unter allen Kadettenkorps der Schweiz. Deshalb sind es offiziell auch die eidg. Kadettentage.</p>



<p class="wp-block-paragraph">Jeweils im September findet dieser 2-tägige Anlass in der Heimatstadt eines Korps statt. Immer 2 Jahre hintereinander am selben Ort, bevor man wieder in die nächste Hochburg eines neuen Korps zieht. An diesem Anlass treffen sich alle Korps der Schweiz und messen sich gegenseitig in musikalischen und sportlichen Disziplinen. Unter den Korps besteht eine gesunde und faire Rivalität, die immer wieder spannende Begegnungen hervorruft. Das erste Highlight an den Kadettentagen ist bereits am Samstagmorgen der Leichtathletik-Mehrkampf. Hier werden Disziplinen wie 1000m-Lauf, 80m-Sprint, Kugelstossen oder Weitsprung durchgeführt. Nach dem Mittag findet die Marschmusikdemonstration statt. Hier sind nun die Musikanten gefragt. Von einer Jury wird sowohl das Militärische wie auch das Musikalische bewertet. Gleich anschliessend steigt der Lärmpegel rapide an. Der Stadtlauf steht auf dem Programm. Hier treten von jedem Korps die besten Läuferinnen und Läufer in einer Team-Stafette gegeneinander an. Und das gesamte Korps feuert diese lautstark an – Gänsehautstimmung ist garantiert! Am Samstagabend unterhalten die Musikkorps die Zuhörerinnen und Zuhörer mit ihren Konzertvorträgen.</p>



<p class="wp-block-paragraph">Der Sonntagmorgen ist geprägt von sportlichen Turnieren wie z.B. Fussball, Unihockey oder Handball. Aber auch aussergewöhnliche Wettkämpfe wie das „Abkochen“ verleihen den Kadettentagen ihren unvergesslichen Charme. Nach den Pendel-Stafetten kurz nach dem Mittag und der anschliessenden Rangverkündigung enden die Kadettentage am Sonntagnachmittag.</p>



<p class="wp-block-paragraph">Dieser Anlass ist für die Kadetten etwas ganz Besonderes. Sowohl sportlich als auch sozial. Hier lernen sie eine gesunde Mischung aus Ehrgeiz und Fairness und erleben mit Gleichaltrigen ein tolles Wochenende. Schlafen in einer Turnhalle gehört natürlich auch dazu.</p>



<hr class="wp-block-separator has-css-opacity is-style-wide"/>



<p class="wp-block-paragraph">Die nächsten Kadettentage:</p>


<style>.wp-block-kadence-iconlist.kt-svg-icon-list-items3368_f28d5a-9e:not(.this-stops-third-party-issues){margin-top:0px;margin-bottom:0px;}.wp-block-kadence-iconlist.kt-svg-icon-list-items3368_f28d5a-9e ul.kt-svg-icon-list:not(.this-prevents-issues):not(.this-stops-third-party-issues):not(.tijsloc){margin-top:0px;margin-right:0px;margin-bottom:10px;margin-left:0px;}.wp-block-kadence-iconlist.kt-svg-icon-list-items3368_f28d5a-9e ul.kt-svg-icon-list{grid-row-gap:20px;}.wp-block-kadence-iconlist.kt-svg-icon-list-items3368_f28d5a-9e ul.kt-svg-icon-list .kt-svg-icon-list-item-wrap .kt-svg-icon-list-single{margin-right:20px;}</style>
<div class="wp-block-kadence-iconlist kt-svg-icon-list-items kt-svg-icon-list-items3368_f28d5a-9e kt-svg-icon-list-columns-1 alignnone"><ul class="kt-svg-icon-list"><style>.kt-svg-icon-list-item-3368_7bdf1c-44 .kt-svg-icon-list-single{font-size:20px !important;}.kt-svg-icon-list-item-3368_7bdf1c-44 .kt-svg-icon-list-text mark.kt-highlight{background-color:unset;font-style:normal;color:#f76a0c;-webkit-box-decoration-break:clone;box-decoration-break:clone;padding-top:0px;padding-right:0px;padding-bottom:0px;padding-left:0px;}</style>
<li class="wp-block-kadence-listitem kt-svg-icon-list-item-wrap kt-svg-icon-list-item-3368_7bdf1c-44 kt-svg-icon-list-style-default"><span class="kb-svg-icon-wrap kb-svg-icon-fas_calendar-alt kt-svg-icon-list-single"><svg viewBox="0 0 448 512"  fill="currentColor" xmlns="http://www.w3.org/2000/svg"  aria-hidden="true"><path d="M436 160H12c-6.6 0-12-5.4-12-12v-36c0-26.5 21.5-48 48-48h48V12c0-6.6 5.4-12 12-12h40c6.6 0 12 5.4 12 12v52h128V12c0-6.6 5.4-12 12-12h40c6.6 0 12 5.4 12 12v52h48c26.5 0 48 21.5 48 48v36c0 6.6-5.4 12-12 12zM12 192h424c6.6 0 12 5.4 12 12v260c0 26.5-21.5 48-48 48H48c-26.5 0-48-21.5-48-48V204c0-6.6 5.4-12 12-12zm116 204c0-6.6-5.4-12-12-12H76c-6.6 0-12 5.4-12 12v40c0 6.6 5.4 12 12 12h40c6.6 0 12-5.4 12-12v-40zm0-128c0-6.6-5.4-12-12-12H76c-6.6 0-12 5.4-12 12v40c0 6.6 5.4 12 12 12h40c6.6 0 12-5.4 12-12v-40zm128 128c0-6.6-5.4-12-12-12h-40c-6.6 0-12 5.4-12 12v40c0 6.6 5.4 12 12 12h40c6.6 0 12-5.4 12-12v-40zm0-128c0-6.6-5.4-12-12-12h-40c-6.6 0-12 5.4-12 12v40c0 6.6 5.4 12 12 12h40c6.6 0 12-5.4 12-12v-40zm128 128c0-6.6-5.4-12-12-12h-40c-6.6 0-12 5.4-12 12v40c0 6.6 5.4 12 12 12h40c6.6 0 12-5.4 12-12v-40zm0-128c0-6.6-5.4-12-12-12h-40c-6.6 0-12 5.4-12 12v40c0 6.6 5.4 12 12 12h40c6.6 0 12-5.4 12-12v-40z"/></svg></span><span class="kt-svg-icon-list-text">Sa. &amp; So., 12. &amp; 13. September 2026 (Murten)</span></li>


<style>.kt-svg-icon-list-item-3368_9b1404-34 .kt-svg-icon-list-single{font-size:20px !important;}.kt-svg-icon-list-item-3368_9b1404-34 .kt-svg-icon-list-text mark.kt-highlight{background-color:unset;font-style:normal;color:#f76a0c;-webkit-box-decoration-break:clone;box-decoration-break:clone;padding-top:0px;padding-right:0px;padding-bottom:0px;padding-left:0px;}</style>
<li class="wp-block-kadence-listitem kt-svg-icon-list-item-wrap kt-svg-icon-list-item-3368_9b1404-34 kt-svg-icon-list-style-default"><span class="kb-svg-icon-wrap kb-svg-icon-fas_camera kt-svg-icon-list-single"><svg viewBox="0 0 512 512"  fill="currentColor" xmlns="http://www.w3.org/2000/svg"  aria-hidden="true"><path d="M512 144v288c0 26.5-21.5 48-48 48H48c-26.5 0-48-21.5-48-48V144c0-26.5 21.5-48 48-48h88l12.3-32.9c7-18.7 24.9-31.1 44.9-31.1h125.5c20 0 37.9 12.4 44.9 31.1L376 96h88c26.5 0 48 21.5 48 48zM376 288c0-66.2-53.8-120-120-120s-120 53.8-120 120 53.8 120 120 120 120-53.8 120-120zm-32 0c0 48.5-39.5 88-88 88s-88-39.5-88-88 39.5-88 88-88 88 39.5 88 88z"/></svg></span><span class="kt-svg-icon-list-text"><a href="https://www.flickr.com/photos/kadetten-burgdorf/albums/72177720329117390/" target="_blank" rel="noreferrer noopener">Fotos Kadettentage 2025 (Murten, Samstag)</a></span></li>


<style>.kt-svg-icon-list-item-3368_e3b9a8-bc .kt-svg-icon-list-single{font-size:20px !important;}.kt-svg-icon-list-item-3368_e3b9a8-bc .kt-svg-icon-list-text mark.kt-highlight{background-color:unset;font-style:normal;color:#f76a0c;-webkit-box-decoration-break:clone;box-decoration-break:clone;padding-top:0px;padding-right:0px;padding-bottom:0px;padding-left:0px;}</style>
<li class="wp-block-kadence-listitem kt-svg-icon-list-item-wrap kt-svg-icon-list-item-3368_e3b9a8-bc kt-svg-icon-list-style-default"><span class="kb-svg-icon-wrap kb-svg-icon-fas_camera kt-svg-icon-list-single"><svg viewBox="0 0 512 512"  fill="currentColor" xmlns="http://www.w3.org/2000/svg"  aria-hidden="true"><path d="M512 144v288c0 26.5-21.5 48-48 48H48c-26.5 0-48-21.5-48-48V144c0-26.5 21.5-48 48-48h88l12.3-32.9c7-18.7 24.9-31.1 44.9-31.1h125.5c20 0 37.9 12.4 44.9 31.1L376 96h88c26.5 0 48 21.5 48 48zM376 288c0-66.2-53.8-120-120-120s-120 53.8-120 120 53.8 120 120 120 120-53.8 120-120zm-32 0c0 48.5-39.5 88-88 88s-88-39.5-88-88 39.5-88 88-88 88 39.5 88 88z"/></svg></span><span class="kt-svg-icon-list-text"><a href="https://www.flickr.com/photos/kadetten-burgdorf/albums/72177720329121136/">Fotos Kadettentage 2025 (Murten, Sonntag)</a></span></li>


<style>.kt-svg-icon-list-item-3368_ef8b50-90 .kt-svg-icon-list-single{font-size:20px !important;}.kt-svg-icon-list-item-3368_ef8b50-90 .kt-svg-icon-list-text mark.kt-highlight{background-color:unset;font-style:normal;color:#f76a0c;-webkit-box-decoration-break:clone;box-decoration-break:clone;padding-top:0px;padding-right:0px;padding-bottom:0px;padding-left:0px;}</style>
<li class="wp-block-kadence-listitem kt-svg-icon-list-item-wrap kt-svg-icon-list-item-3368_ef8b50-90 kt-svg-icon-list-style-default"><span class="kb-svg-icon-wrap kb-svg-icon-ic_link kt-svg-icon-list-single"><svg viewBox="0 0 8 8"  fill="currentColor" xmlns="http://www.w3.org/2000/svg"  aria-hidden="true"><path d="M0 0v8h8v-2h-1v1h-6v-6h1v-1h-2zm4 0l1.5 1.5-2.5 2.5 1 1 2.5-2.5 1.5 1.5v-4h-4z"/></svg></span><span class="kt-svg-icon-list-text"><a href="https://kadetten-murten.ch/kad3/index.php/kadettentage-25-26" target="_blank" rel="noreferrer noopener">Website Kadettentage Murten 2025</a></span></li>
</ul></div>



<p class="wp-block-paragraph"></p>

<p>Die Kadettentage sind das Highlight im Jahreskalender unter allen Kadettenkorps der Schweiz. Deshalb sind es offiziell auch die eidg. Kadettentage. &#8230; </p>
<p class="read-more-container"><a title="Kadettentage" class="read-more button" href="https://www.kadetten-burgdorf.ch/website/?page_id=3368#more-3368" aria-label="Mehr Informationen über Kadettentage">WEITERLESEN</a></p>
