{"id":3323,"date":"2018-06-16T11:29:55","date_gmt":"2018-06-16T09:29:55","guid":{"rendered":"https:\/\/www.kadetten-burgdorf.ch\/website\/?page_id=3323"},"modified":"2026-07-24T09:59:35","modified_gmt":"2026-07-24T07:59:35","slug":"pfingstlager","status":"publish","type":"page","link":"https:\/\/www.kadetten-burgdorf.ch\/website\/?page_id=3323","title":{"rendered":"Pfingstlager"},"content":{"rendered":"\n<p class=\"wp-block-paragraph\">Das Pfingstlager, kurz PfiLa, ist ein Lager f\u00fcr alle Abenteurer und Abenteurerinnen, die gerne im Wald sind und im Zelt \u00fcbernachten m\u00f6chten. Jedes Jahr dreht sich das Lager um ein anderes Thema, wie zum Beispiel \u2018Mittelalter\u2019, \u2018Piraten\u2019 oder \u2018Detektive\u2019.&nbsp;<\/p>\n\n\n\n<p class=\"wp-block-paragraph\">Am Samstag fahren alle zusammen mit den Velos zu unserem Lagerplatz in der Umgebung von Burgdorf (z.B. Etzelkofen, Koppigen oder Utzenstorf). Dort bauen wir unsere Zelte auf und das Lagerleben kann beginnen. Unser Essen kochen wir \u00fcber dem Feuer. Nach einigen Spielen oder Postenl\u00e4ufen schmeckt dieses immer wunderbar. Am Abend geniessen wir das Lagerfeuer und erz\u00e4hlen Geschichten. Am Sonntag brechen wir dann die Zelte ab und fahren gem\u00fctlich nach Hause.&nbsp;<\/p>\n\n\n\n<p class=\"wp-block-paragraph\"><\/p>\n\n\n<style>.wp-block-kadence-iconlist.kt-svg-icon-list-items3323_0cd338-01:not(.this-stops-third-party-issues){margin-top:0px;margin-bottom:0px;}.wp-block-kadence-iconlist.kt-svg-icon-list-items3323_0cd338-01 ul.kt-svg-icon-list:not(.this-prevents-issues):not(.this-stops-third-party-issues):not(.tijsloc){margin-top:0px;margin-right:0px;margin-bottom:var(--global-kb-spacing-sm, 1.5rem);margin-left:0px;}.wp-block-kadence-iconlist.kt-svg-icon-list-items3323_0cd338-01 ul.kt-svg-icon-list{grid-row-gap:5px;}.wp-block-kadence-iconlist.kt-svg-icon-list-items3323_0cd338-01 ul.kt-svg-icon-list .kt-svg-icon-list-item-wrap .kt-svg-icon-list-single{margin-right:10px;}.kt-svg-icon-list-items3323_0cd338-01 ul.kt-svg-icon-list .kt-svg-icon-list-level-0 .kt-svg-icon-list-single svg{font-size:20px;}<\/style>\n<div class=\"wp-block-kadence-iconlist kt-svg-icon-list-items kt-svg-icon-list-items3323_0cd338-01 kt-svg-icon-list-columns-1 alignnone\"><ul class=\"kt-svg-icon-list\"><style>.kt-svg-icon-list-item-3323_c12c23-62 .kt-svg-icon-list-text mark.kt-highlight{background-color:unset;font-style:normal;color:#f76a0c;-webkit-box-decoration-break:clone;box-decoration-break:clone;padding-top:0px;padding-right:0px;padding-bottom:0px;padding-left:0px;}<\/style>\n<li class=\"wp-block-kadence-listitem kt-svg-icon-list-item-wrap kt-svg-icon-list-item-3323_c12c23-62\"><span class=\"kb-svg-icon-wrap kb-svg-icon-ic_calendar kt-svg-icon-list-single\"><svg viewBox=\"0 0 8 8\"  fill=\"currentColor\" xmlns=\"http:\/\/www.w3.org\/2000\/svg\"  aria-hidden=\"true\"><path d=\"M0 0v2h7v-2h-7zm0 3v4.91c0 .05.04.09.09.09h6.81c.05 0 .09-.04.09-.09v-4.91h-7zm1 1h1v1h-1v-1zm2 0h1v1h-1v-1zm2 0h1v1h-1v-1zm-4 2h1v1h-1v-1zm2 0h1v1h-1v-1z\"\/><\/svg><\/span><span class=\"kt-svg-icon-list-text\">Das n\u00e4chste PfiLa findet vom Samstag, 15. Mai bis Sonntag, 16. Mai 2027 statt<\/span><\/li>\n\n\n<style>.kt-svg-icon-list-item-3323_7e457f-4d .kt-svg-icon-list-text mark.kt-highlight{background-color:unset;font-style:normal;color:#f76a0c;-webkit-box-decoration-break:clone;box-decoration-break:clone;padding-top:0px;padding-right:0px;padding-bottom:0px;padding-left:0px;}<\/style>\n<li class=\"wp-block-kadence-listitem kt-svg-icon-list-item-wrap kt-svg-icon-list-item-3323_7e457f-4d\"><span class=\"kb-svg-icon-wrap kb-svg-icon-fas_camera kt-svg-icon-list-single\"><svg viewBox=\"0 0 512 512\"  fill=\"currentColor\" xmlns=\"http:\/\/www.w3.org\/2000\/svg\"  aria-hidden=\"true\"><path d=\"M512 144v288c0 26.5-21.5 48-48 48H48c-26.5 0-48-21.5-48-48V144c0-26.5 21.5-48 48-48h88l12.3-32.9c7-18.7 24.9-31.1 44.9-31.1h125.5c20 0 37.9 12.4 44.9 31.1L376 96h88c26.5 0 48 21.5 48 48zM376 288c0-66.2-53.8-120-120-120s-120 53.8-120 120 53.8 120 120 120 120-53.8 120-120zm-32 0c0 48.5-39.5 88-88 88s-88-39.5-88-88 39.5-88 88-88 88 39.5 88 88z\"\/><\/svg><\/span><span class=\"kt-svg-icon-list-text\"><a href=\"https:\/\/www.flickr.com\/photos\/kadetten-burgdorf\/albums\/72177720333990450\/\" target=\"_blank\" rel=\"noreferrer noopener\">Fotos Pfingstlager 2026<\/a><\/span><\/li>\n<\/ul><\/div>\n\n\n\n<p class=\"wp-block-paragraph\"><\/p>\n","protected":false},"excerpt":{"rendered":"<p>Das Pfingstlager, kurz PfiLa, ist ein Lager f\u00fcr alle Abenteurer und Abenteurerinnen, die gerne im Wald sind und im Zelt &#8230; <\/p>\n<p class=\"read-more-container\"><a title=\"Pfingstlager\" class=\"read-more button\" href=\"https:\/\/www.kadetten-burgdorf.ch\/website\/?page_id=3323#more-3323\" aria-label=\"Mehr Informationen \u00fcber Pfingstlager\">WEITERLESEN<\/a><\/p>\n","protected":false},"author":12,"featured_media":6588,"parent":3195,"menu_order":0,"comment_status":"closed","ping_status":"closed","template":"","meta":{"generate_page_header":"","footnotes":""},"class_list":["post-3323","page","type-page","status-publish","has-post-thumbnail","no-featured-image-padding"],"jetpack_shortlink":"https:\/\/wp.me\/P2pfNG-RB","jetpack_sharing_enabled":false,"_links":{"self":[{"href":"https:\/\/www.kadetten-burgdorf.ch\/website\/index.php?rest_route=\/wp\/v2\/pages\/3323","targetHints":{"allow":["GET"]}}],"collection":[{"href":"https:\/\/www.kadetten-burgdorf.ch\/website\/index.php?rest_route=\/wp\/v2\/pages"}],"about":[{"href":"https:\/\/www.kadetten-burgdorf.ch\/website\/index.php?rest_route=\/wp\/v2\/types\/page"}],"author":[{"embeddable":true,"href":"https:\/\/www.kadetten-burgdorf.ch\/website\/index.php?rest_route=\/wp\/v2\/users\/12"}],"replies":[{"embeddable":true,"href":"https:\/\/www.kadetten-burgdorf.ch\/website\/index.php?rest_route=%2Fwp%2Fv2%2Fcomments&post=3323"}],"version-history":[{"count":39,"href":"https:\/\/www.kadetten-burgdorf.ch\/website\/index.php?rest_route=\/wp\/v2\/pages\/3323\/revisions"}],"predecessor-version":[{"id":7003,"href":"https:\/\/www.kadetten-burgdorf.ch\/website\/index.php?rest_route=\/wp\/v2\/pages\/3323\/revisions\/7003"}],"up":[{"embeddable":true,"href":"https:\/\/www.kadetten-burgdorf.ch\/website\/index.php?rest_route=\/wp\/v2\/pages\/3195"}],"wp:featuredmedia":[{"embeddable":true,"href":"https:\/\/www.kadetten-burgdorf.ch\/website\/index.php?rest_route=\/wp\/v2\/media\/6588"}],"wp:attachment":[{"href":"https:\/\/www.kadetten-burgdorf.ch\/website\/index.php?rest_route=%2Fwp%2Fv2%2Fmedia&parent=3323"}],"curies":[{"name":"wp","href":"https:\/\/api.w.org\/{rel}","templated":true}]}}

<p class="wp-block-paragraph">Das Pfingstlager, kurz PfiLa, ist ein Lager für alle Abenteurer und Abenteurerinnen, die gerne im Wald sind und im Zelt übernachten möchten. Jedes Jahr dreht sich das Lager um ein anderes Thema, wie zum Beispiel ‘Mittelalter’, ‘Piraten’ oder ‘Detektive’.&nbsp;</p>



<p class="wp-block-paragraph">Am Samstag fahren alle zusammen mit den Velos zu unserem Lagerplatz in der Umgebung von Burgdorf (z.B. Etzelkofen, Koppigen oder Utzenstorf). Dort bauen wir unsere Zelte auf und das Lagerleben kann beginnen. Unser Essen kochen wir über dem Feuer. Nach einigen Spielen oder Postenläufen schmeckt dieses immer wunderbar. Am Abend geniessen wir das Lagerfeuer und erzählen Geschichten. Am Sonntag brechen wir dann die Zelte ab und fahren gemütlich nach Hause.&nbsp;</p>



<p class="wp-block-paragraph"></p>


<style>.wp-block-kadence-iconlist.kt-svg-icon-list-items3323_0cd338-01:not(.this-stops-third-party-issues){margin-top:0px;margin-bottom:0px;}.wp-block-kadence-iconlist.kt-svg-icon-list-items3323_0cd338-01 ul.kt-svg-icon-list:not(.this-prevents-issues):not(.this-stops-third-party-issues):not(.tijsloc){margin-top:0px;margin-right:0px;margin-bottom:var(--global-kb-spacing-sm, 1.5rem);margin-left:0px;}.wp-block-kadence-iconlist.kt-svg-icon-list-items3323_0cd338-01 ul.kt-svg-icon-list{grid-row-gap:5px;}.wp-block-kadence-iconlist.kt-svg-icon-list-items3323_0cd338-01 ul.kt-svg-icon-list .kt-svg-icon-list-item-wrap .kt-svg-icon-list-single{margin-right:10px;}.kt-svg-icon-list-items3323_0cd338-01 ul.kt-svg-icon-list .kt-svg-icon-list-level-0 .kt-svg-icon-list-single svg{font-size:20px;}</style>
<div class="wp-block-kadence-iconlist kt-svg-icon-list-items kt-svg-icon-list-items3323_0cd338-01 kt-svg-icon-list-columns-1 alignnone"><ul class="kt-svg-icon-list"><style>.kt-svg-icon-list-item-3323_c12c23-62 .kt-svg-icon-list-text mark.kt-highlight{background-color:unset;font-style:normal;color:#f76a0c;-webkit-box-decoration-break:clone;box-decoration-break:clone;padding-top:0px;padding-right:0px;padding-bottom:0px;padding-left:0px;}</style>
<li class="wp-block-kadence-listitem kt-svg-icon-list-item-wrap kt-svg-icon-list-item-3323_c12c23-62"><span class="kb-svg-icon-wrap kb-svg-icon-ic_calendar kt-svg-icon-list-single"><svg viewBox="0 0 8 8"  fill="currentColor" xmlns="http://www.w3.org/2000/svg"  aria-hidden="true"><path d="M0 0v2h7v-2h-7zm0 3v4.91c0 .05.04.09.09.09h6.81c.05 0 .09-.04.09-.09v-4.91h-7zm1 1h1v1h-1v-1zm2 0h1v1h-1v-1zm2 0h1v1h-1v-1zm-4 2h1v1h-1v-1zm2 0h1v1h-1v-1z"/></svg></span><span class="kt-svg-icon-list-text">Das nächste PfiLa findet vom Samstag, 15. Mai bis Sonntag, 16. Mai 2027 statt</span></li>


<style>.kt-svg-icon-list-item-3323_7e457f-4d .kt-svg-icon-list-text mark.kt-highlight{background-color:unset;font-style:normal;color:#f76a0c;-webkit-box-decoration-break:clone;box-decoration-break:clone;padding-top:0px;padding-right:0px;padding-bottom:0px;padding-left:0px;}</style>
<li class="wp-block-kadence-listitem kt-svg-icon-list-item-wrap kt-svg-icon-list-item-3323_7e457f-4d"><span class="kb-svg-icon-wrap kb-svg-icon-fas_camera kt-svg-icon-list-single"><svg viewBox="0 0 512 512"  fill="currentColor" xmlns="http://www.w3.org/2000/svg"  aria-hidden="true"><path d="M512 144v288c0 26.5-21.5 48-48 48H48c-26.5 0-48-21.5-48-48V144c0-26.5 21.5-48 48-48h88l12.3-32.9c7-18.7 24.9-31.1 44.9-31.1h125.5c20 0 37.9 12.4 44.9 31.1L376 96h88c26.5 0 48 21.5 48 48zM376 288c0-66.2-53.8-120-120-120s-120 53.8-120 120 53.8 120 120 120 120-53.8 120-120zm-32 0c0 48.5-39.5 88-88 88s-88-39.5-88-88 39.5-88 88-88 88 39.5 88 88z"/></svg></span><span class="kt-svg-icon-list-text"><a href="https://www.flickr.com/photos/kadetten-burgdorf/albums/72177720333990450/" target="_blank" rel="noreferrer noopener">Fotos Pfingstlager 2026</a></span></li>
</ul></div>



<p class="wp-block-paragraph"></p>

<p>Das Pfingstlager, kurz PfiLa, ist ein Lager für alle Abenteurer und Abenteurerinnen, die gerne im Wald sind und im Zelt &#8230; </p>
<p class="read-more-container"><a title="Pfingstlager" class="read-more button" href="https://www.kadetten-burgdorf.ch/website/?page_id=3323#more-3323" aria-label="Mehr Informationen über Pfingstlager">WEITERLESEN</a></p>
