{"id":3275,"date":"2018-05-14T21:07:13","date_gmt":"2018-05-14T19:07:13","guid":{"rendered":"https:\/\/www.kadetten-burgdorf.ch\/website\/?page_id=3275"},"modified":"2026-07-24T09:57:41","modified_gmt":"2026-07-24T07:57:41","slug":"skilager","status":"publish","type":"page","link":"https:\/\/www.kadetten-burgdorf.ch\/website\/?page_id=3275","title":{"rendered":"Skilager"},"content":{"rendered":"\n<p class=\"wp-block-paragraph\">Immer in der 1. Burgdorfer Fr\u00fchlingsferienwoche findet unser traditionelles Skilager in Engelberg statt. Mit rund 40 Kinder und einem 10-k\u00f6pfigen Leiterteam fahren wir dann in unser Lagerhaus und verbringen dort eine Woche mit viel Spass auf und neben der Piste. Das Lagerhaus ist top eingerichtet und befindet sich direkt im Skigebiet auf 1\u2019800 m.\u00fc.M bei der Bergstation \u201eTr\u00fcbsee\u201c. Dadurch k\u00f6nnen wir die Tage von der ersten bis zur letzten Minute voll auskosten und am Ende des Tages direkt vor unsere Unterkunft fahren. Mit den zwei Teilgebieten Jochpass und Titlis ist das Skigebiet von Engelberg ideal f\u00fcr unser Skilager. Die Pisten reichen von einfachen blauen Pisten bis hin zu unpr\u00e4parierten, kontrollierten Pisten vom Titlis runter. Die Schneeverh\u00e4ltnisse waren in den letzten Jahren immer hervorragend. Wer den Schnee \u00fcber Weihnachten\/Neujahr vermisst, findet ihn im Fr\u00fchling bestimmt. Direkt neben dem Lagerhaus befindet sich auch ein Funpark mit Gummiringen zur freien Ben\u00fctzung. Das Bahnpersonal ist sehr r\u00fccksichtsvoll und hilfsbereit. So erlernen auch die unge\u00fcbten das Liftfahren ohne Probleme.<\/p>\n\n\n\n<p class=\"wp-block-paragraph\">Die Verpflegung w\u00e4hrend unserer Lagerwoche ist legend\u00e4r und hat mittlerweile Kultstatus erreicht. Unser 2-k\u00f6pfiges K\u00fcchenteam verw\u00f6hnt uns 3 Mal am Tag mit ihren K\u00f6stlichkeiten! Vor allem die t\u00e4glich frisch zubereitete R\u00f6sti mit Spiegeleiern und Speck zum Fr\u00fchst\u00fcck ist jedes Jahr wieder ein Highlight. Das sehr erfahrene und motivierte Leiterteam k\u00fcmmert sich die ganze Woche um die Teilnehmenden \u2013 sowohl auf der Piste als auch beim unterhaltsamen Abendprogramm im Lagerhaus.<\/p>\n\n\n\n<p class=\"wp-block-paragraph\">Nach 4 Tagen auf der Piste reisen wir meistens etwas m\u00fcde aber immer \u00fcbergl\u00fccklich wieder nach Burgdorf zur\u00fcck und k\u00f6nnen das n\u00e4chste Skilager kaum erwarten.<\/p>\n\n\n\n<p class=\"wp-block-paragraph\">Alle weiteren Informationen zum Skilager erh\u00e4ltst du direkt von der nebenstehenden Person und ab ca. November \u00fcber das hier aufgeschaltete Info-Blatt. Anmelden kannst du dich ebenfalls ab ca. November hier mittels Online-Formular. Das Skilager steht auch \u201eNicht-Kadetten-Kindern\u201c offen.<\/p>\n\n\n\n<p class=\"wp-block-paragraph\">Das Leiterteam freut sich auf dich!<\/p>\n\n\n\n<hr class=\"wp-block-separator has-css-opacity is-style-wide\"\/>\n\n\n<style>.wp-block-kadence-iconlist.kt-svg-icon-list-items3275_0a7c97-e4:not(.this-stops-third-party-issues){margin-top:0px;margin-bottom:0px;}.wp-block-kadence-iconlist.kt-svg-icon-list-items3275_0a7c97-e4 ul.kt-svg-icon-list:not(.this-prevents-issues):not(.this-stops-third-party-issues):not(.tijsloc){margin-top:0px;margin-right:0px;margin-bottom:10px;margin-left:0px;}.wp-block-kadence-iconlist.kt-svg-icon-list-items3275_0a7c97-e4 ul.kt-svg-icon-list{grid-row-gap:20px;}.wp-block-kadence-iconlist.kt-svg-icon-list-items3275_0a7c97-e4 ul.kt-svg-icon-list .kt-svg-icon-list-item-wrap .kt-svg-icon-list-single{margin-right:20px;}<\/style>\n<div class=\"wp-block-kadence-iconlist kt-svg-icon-list-items kt-svg-icon-list-items3275_0a7c97-e4 kt-svg-icon-list-columns-1 alignnone\"><ul class=\"kt-svg-icon-list\"><style>.kt-svg-icon-list-item-3275_1dcd93-ca .kt-svg-icon-list-single{font-size:20px !important;}.kt-svg-icon-list-item-3275_1dcd93-ca .kt-svg-icon-list-text mark.kt-highlight{background-color:unset;font-style:normal;color:#f76a0c;-webkit-box-decoration-break:clone;box-decoration-break:clone;padding-top:0px;padding-right:0px;padding-bottom:0px;padding-left:0px;}<\/style>\n<li class=\"wp-block-kadence-listitem kt-svg-icon-list-item-wrap kt-svg-icon-list-item-3275_1dcd93-ca kt-svg-icon-list-style-default\"><span class=\"kb-svg-icon-wrap kb-svg-icon-fas_calendar-alt kt-svg-icon-list-single\"><svg viewBox=\"0 0 448 512\"  fill=\"currentColor\" xmlns=\"http:\/\/www.w3.org\/2000\/svg\"  aria-hidden=\"true\"><path d=\"M436 160H12c-6.6 0-12-5.4-12-12v-36c0-26.5 21.5-48 48-48h48V12c0-6.6 5.4-12 12-12h40c6.6 0 12 5.4 12 12v52h128V12c0-6.6 5.4-12 12-12h40c6.6 0 12 5.4 12 12v52h48c26.5 0 48 21.5 48 48v36c0 6.6-5.4 12-12 12zM12 192h424c6.6 0 12 5.4 12 12v260c0 26.5-21.5 48-48 48H48c-26.5 0-48-21.5-48-48V204c0-6.6 5.4-12 12-12zm116 204c0-6.6-5.4-12-12-12H76c-6.6 0-12 5.4-12 12v40c0 6.6 5.4 12 12 12h40c6.6 0 12-5.4 12-12v-40zm0-128c0-6.6-5.4-12-12-12H76c-6.6 0-12 5.4-12 12v40c0 6.6 5.4 12 12 12h40c6.6 0 12-5.4 12-12v-40zm128 128c0-6.6-5.4-12-12-12h-40c-6.6 0-12 5.4-12 12v40c0 6.6 5.4 12 12 12h40c6.6 0 12-5.4 12-12v-40zm0-128c0-6.6-5.4-12-12-12h-40c-6.6 0-12 5.4-12 12v40c0 6.6 5.4 12 12 12h40c6.6 0 12-5.4 12-12v-40zm128 128c0-6.6-5.4-12-12-12h-40c-6.6 0-12 5.4-12 12v40c0 6.6 5.4 12 12 12h40c6.6 0 12-5.4 12-12v-40zm0-128c0-6.6-5.4-12-12-12h-40c-6.6 0-12 5.4-12 12v40c0 6.6 5.4 12 12 12h40c6.6 0 12-5.4 12-12v-40z\"\/><\/svg><\/span><span class=\"kt-svg-icon-list-text\">Jeweils 1. Fr\u00fchlingsferienwoche (Kalenderwoche 15)<\/span><\/li>\n\n\n<style>.kt-svg-icon-list-item-3275_21cbee-88 .kt-svg-icon-list-single{font-size:20px !important;}.kt-svg-icon-list-item-3275_21cbee-88 .kt-svg-icon-list-text mark.kt-highlight{background-color:unset;font-style:normal;color:#f76a0c;-webkit-box-decoration-break:clone;box-decoration-break:clone;padding-top:0px;padding-right:0px;padding-bottom:0px;padding-left:0px;}<\/style>\n<li class=\"wp-block-kadence-listitem kt-svg-icon-list-item-wrap kt-svg-icon-list-item-3275_21cbee-88 kt-svg-icon-list-style-default\"><a href=\"http:\/\/www.engelberg.ch\/\" class=\"kt-svg-icon-link\" target=\"_blank\" rel=\"noopener noreferrer\"><span class=\"kb-svg-icon-wrap kb-svg-icon-fe_externalLink kt-svg-icon-list-single\"><svg viewBox=\"0 0 24 24\"  fill=\"none\" stroke=\"currentColor\" stroke-width=\"2\" stroke-linecap=\"round\" stroke-linejoin=\"round\" xmlns=\"http:\/\/www.w3.org\/2000\/svg\"  aria-hidden=\"true\"><path d=\"M18 13v6a2 2 0 0 1-2 2H5a2 2 0 0 1-2-2V8a2 2 0 0 1 2-2h6\"\/><polyline points=\"15 3 21 3 21 9\"\/><line x1=\"10\" y1=\"14\" x2=\"21\" y2=\"3\"\/><\/svg><\/span><span class=\"kt-svg-icon-list-text\">Website Skigebiet Engelberg\/Titlis<\/span><\/a><\/li>\n\n\n<style>.kt-svg-icon-list-item-3275_059f7e-01 .kt-svg-icon-list-single{font-size:20px !important;}.kt-svg-icon-list-item-3275_059f7e-01 .kt-svg-icon-list-text mark.kt-highlight{background-color:unset;font-style:normal;color:#f76a0c;-webkit-box-decoration-break:clone;box-decoration-break:clone;padding-top:0px;padding-right:0px;padding-bottom:0px;padding-left:0px;}<\/style>\n<li class=\"wp-block-kadence-listitem kt-svg-icon-list-item-wrap kt-svg-icon-list-item-3275_059f7e-01 kt-svg-icon-list-style-default\"><a href=\"http:\/\/www.truebsee.ch\/uebernachtung\/lagerhaus\" class=\"kt-svg-icon-link\" target=\"_blank\" rel=\"noopener noreferrer\"><span class=\"kb-svg-icon-wrap kb-svg-icon-fe_externalLink kt-svg-icon-list-single\"><svg viewBox=\"0 0 24 24\"  fill=\"none\" stroke=\"currentColor\" stroke-width=\"2\" stroke-linecap=\"round\" stroke-linejoin=\"round\" xmlns=\"http:\/\/www.w3.org\/2000\/svg\"  aria-hidden=\"true\"><path d=\"M18 13v6a2 2 0 0 1-2 2H5a2 2 0 0 1-2-2V8a2 2 0 0 1 2-2h6\"\/><polyline points=\"15 3 21 3 21 9\"\/><line x1=\"10\" y1=\"14\" x2=\"21\" y2=\"3\"\/><\/svg><\/span><span class=\"kt-svg-icon-list-text\">Website Lagerhaus<\/span><\/a><\/li>\n<\/ul><\/div>\n\n\n\n<p class=\"wp-block-paragraph\"><\/p>\n","protected":false},"excerpt":{"rendered":"<p>Immer in der 1. Burgdorfer Fr\u00fchlingsferienwoche findet unser traditionelles Skilager in Engelberg statt. Mit rund 40 Kinder und einem 10-k\u00f6pfigen &#8230; <\/p>\n<p class=\"read-more-container\"><a title=\"Skilager\" class=\"read-more button\" href=\"https:\/\/www.kadetten-burgdorf.ch\/website\/?page_id=3275#more-3275\" aria-label=\"Mehr Informationen \u00fcber Skilager\">WEITERLESEN<\/a><\/p>\n","protected":false},"author":12,"featured_media":0,"parent":3195,"menu_order":0,"comment_status":"closed","ping_status":"closed","template":"","meta":{"generate_page_header":"","footnotes":""},"class_list":["post-3275","page","type-page","status-publish","no-featured-image-padding"],"jetpack_shortlink":"https:\/\/wp.me\/P2pfNG-QP","jetpack_sharing_enabled":false,"_links":{"self":[{"href":"https:\/\/www.kadetten-burgdorf.ch\/website\/index.php?rest_route=\/wp\/v2\/pages\/3275","targetHints":{"allow":["GET"]}}],"collection":[{"href":"https:\/\/www.kadetten-burgdorf.ch\/website\/index.php?rest_route=\/wp\/v2\/pages"}],"about":[{"href":"https:\/\/www.kadetten-burgdorf.ch\/website\/index.php?rest_route=\/wp\/v2\/types\/page"}],"author":[{"embeddable":true,"href":"https:\/\/www.kadetten-burgdorf.ch\/website\/index.php?rest_route=\/wp\/v2\/users\/12"}],"replies":[{"embeddable":true,"href":"https:\/\/www.kadetten-burgdorf.ch\/website\/index.php?rest_route=%2Fwp%2Fv2%2Fcomments&post=3275"}],"version-history":[{"count":38,"href":"https:\/\/www.kadetten-burgdorf.ch\/website\/index.php?rest_route=\/wp\/v2\/pages\/3275\/revisions"}],"predecessor-version":[{"id":7001,"href":"https:\/\/www.kadetten-burgdorf.ch\/website\/index.php?rest_route=\/wp\/v2\/pages\/3275\/revisions\/7001"}],"up":[{"embeddable":true,"href":"https:\/\/www.kadetten-burgdorf.ch\/website\/index.php?rest_route=\/wp\/v2\/pages\/3195"}],"wp:attachment":[{"href":"https:\/\/www.kadetten-burgdorf.ch\/website\/index.php?rest_route=%2Fwp%2Fv2%2Fmedia&parent=3275"}],"curies":[{"name":"wp","href":"https:\/\/api.w.org\/{rel}","templated":true}]}}

<p class="wp-block-paragraph">Immer in der 1. Burgdorfer Frühlingsferienwoche findet unser traditionelles Skilager in Engelberg statt. Mit rund 40 Kinder und einem 10-köpfigen Leiterteam fahren wir dann in unser Lagerhaus und verbringen dort eine Woche mit viel Spass auf und neben der Piste. Das Lagerhaus ist top eingerichtet und befindet sich direkt im Skigebiet auf 1’800 m.ü.M bei der Bergstation „Trübsee“. Dadurch können wir die Tage von der ersten bis zur letzten Minute voll auskosten und am Ende des Tages direkt vor unsere Unterkunft fahren. Mit den zwei Teilgebieten Jochpass und Titlis ist das Skigebiet von Engelberg ideal für unser Skilager. Die Pisten reichen von einfachen blauen Pisten bis hin zu unpräparierten, kontrollierten Pisten vom Titlis runter. Die Schneeverhältnisse waren in den letzten Jahren immer hervorragend. Wer den Schnee über Weihnachten/Neujahr vermisst, findet ihn im Frühling bestimmt. Direkt neben dem Lagerhaus befindet sich auch ein Funpark mit Gummiringen zur freien Benützung. Das Bahnpersonal ist sehr rücksichtsvoll und hilfsbereit. So erlernen auch die ungeübten das Liftfahren ohne Probleme.</p>



<p class="wp-block-paragraph">Die Verpflegung während unserer Lagerwoche ist legendär und hat mittlerweile Kultstatus erreicht. Unser 2-köpfiges Küchenteam verwöhnt uns 3 Mal am Tag mit ihren Köstlichkeiten! Vor allem die täglich frisch zubereitete Rösti mit Spiegeleiern und Speck zum Frühstück ist jedes Jahr wieder ein Highlight. Das sehr erfahrene und motivierte Leiterteam kümmert sich die ganze Woche um die Teilnehmenden – sowohl auf der Piste als auch beim unterhaltsamen Abendprogramm im Lagerhaus.</p>



<p class="wp-block-paragraph">Nach 4 Tagen auf der Piste reisen wir meistens etwas müde aber immer überglücklich wieder nach Burgdorf zurück und können das nächste Skilager kaum erwarten.</p>



<p class="wp-block-paragraph">Alle weiteren Informationen zum Skilager erhältst du direkt von der nebenstehenden Person und ab ca. November über das hier aufgeschaltete Info-Blatt. Anmelden kannst du dich ebenfalls ab ca. November hier mittels Online-Formular. Das Skilager steht auch „Nicht-Kadetten-Kindern“ offen.</p>



<p class="wp-block-paragraph">Das Leiterteam freut sich auf dich!</p>



<hr class="wp-block-separator has-css-opacity is-style-wide"/>


<style>.wp-block-kadence-iconlist.kt-svg-icon-list-items3275_0a7c97-e4:not(.this-stops-third-party-issues){margin-top:0px;margin-bottom:0px;}.wp-block-kadence-iconlist.kt-svg-icon-list-items3275_0a7c97-e4 ul.kt-svg-icon-list:not(.this-prevents-issues):not(.this-stops-third-party-issues):not(.tijsloc){margin-top:0px;margin-right:0px;margin-bottom:10px;margin-left:0px;}.wp-block-kadence-iconlist.kt-svg-icon-list-items3275_0a7c97-e4 ul.kt-svg-icon-list{grid-row-gap:20px;}.wp-block-kadence-iconlist.kt-svg-icon-list-items3275_0a7c97-e4 ul.kt-svg-icon-list .kt-svg-icon-list-item-wrap .kt-svg-icon-list-single{margin-right:20px;}</style>
<div class="wp-block-kadence-iconlist kt-svg-icon-list-items kt-svg-icon-list-items3275_0a7c97-e4 kt-svg-icon-list-columns-1 alignnone"><ul class="kt-svg-icon-list"><style>.kt-svg-icon-list-item-3275_1dcd93-ca .kt-svg-icon-list-single{font-size:20px !important;}.kt-svg-icon-list-item-3275_1dcd93-ca .kt-svg-icon-list-text mark.kt-highlight{background-color:unset;font-style:normal;color:#f76a0c;-webkit-box-decoration-break:clone;box-decoration-break:clone;padding-top:0px;padding-right:0px;padding-bottom:0px;padding-left:0px;}</style>
<li class="wp-block-kadence-listitem kt-svg-icon-list-item-wrap kt-svg-icon-list-item-3275_1dcd93-ca kt-svg-icon-list-style-default"><span class="kb-svg-icon-wrap kb-svg-icon-fas_calendar-alt kt-svg-icon-list-single"><svg viewBox="0 0 448 512"  fill="currentColor" xmlns="http://www.w3.org/2000/svg"  aria-hidden="true"><path d="M436 160H12c-6.6 0-12-5.4-12-12v-36c0-26.5 21.5-48 48-48h48V12c0-6.6 5.4-12 12-12h40c6.6 0 12 5.4 12 12v52h128V12c0-6.6 5.4-12 12-12h40c6.6 0 12 5.4 12 12v52h48c26.5 0 48 21.5 48 48v36c0 6.6-5.4 12-12 12zM12 192h424c6.6 0 12 5.4 12 12v260c0 26.5-21.5 48-48 48H48c-26.5 0-48-21.5-48-48V204c0-6.6 5.4-12 12-12zm116 204c0-6.6-5.4-12-12-12H76c-6.6 0-12 5.4-12 12v40c0 6.6 5.4 12 12 12h40c6.6 0 12-5.4 12-12v-40zm0-128c0-6.6-5.4-12-12-12H76c-6.6 0-12 5.4-12 12v40c0 6.6 5.4 12 12 12h40c6.6 0 12-5.4 12-12v-40zm128 128c0-6.6-5.4-12-12-12h-40c-6.6 0-12 5.4-12 12v40c0 6.6 5.4 12 12 12h40c6.6 0 12-5.4 12-12v-40zm0-128c0-6.6-5.4-12-12-12h-40c-6.6 0-12 5.4-12 12v40c0 6.6 5.4 12 12 12h40c6.6 0 12-5.4 12-12v-40zm128 128c0-6.6-5.4-12-12-12h-40c-6.6 0-12 5.4-12 12v40c0 6.6 5.4 12 12 12h40c6.6 0 12-5.4 12-12v-40zm0-128c0-6.6-5.4-12-12-12h-40c-6.6 0-12 5.4-12 12v40c0 6.6 5.4 12 12 12h40c6.6 0 12-5.4 12-12v-40z"/></svg></span><span class="kt-svg-icon-list-text">Jeweils 1. Frühlingsferienwoche (Kalenderwoche 15)</span></li>


<style>.kt-svg-icon-list-item-3275_21cbee-88 .kt-svg-icon-list-single{font-size:20px !important;}.kt-svg-icon-list-item-3275_21cbee-88 .kt-svg-icon-list-text mark.kt-highlight{background-color:unset;font-style:normal;color:#f76a0c;-webkit-box-decoration-break:clone;box-decoration-break:clone;padding-top:0px;padding-right:0px;padding-bottom:0px;padding-left:0px;}</style>
<li class="wp-block-kadence-listitem kt-svg-icon-list-item-wrap kt-svg-icon-list-item-3275_21cbee-88 kt-svg-icon-list-style-default"><a href="http://www.engelberg.ch/" class="kt-svg-icon-link" target="_blank" rel="noopener noreferrer"><span class="kb-svg-icon-wrap kb-svg-icon-fe_externalLink kt-svg-icon-list-single"><svg viewBox="0 0 24 24"  fill="none" stroke="currentColor" stroke-width="2" stroke-linecap="round" stroke-linejoin="round" xmlns="http://www.w3.org/2000/svg"  aria-hidden="true"><path d="M18 13v6a2 2 0 0 1-2 2H5a2 2 0 0 1-2-2V8a2 2 0 0 1 2-2h6"/><polyline points="15 3 21 3 21 9"/><line x1="10" y1="14" x2="21" y2="3"/></svg></span><span class="kt-svg-icon-list-text">Website Skigebiet Engelberg/Titlis</span></a></li>


<style>.kt-svg-icon-list-item-3275_059f7e-01 .kt-svg-icon-list-single{font-size:20px !important;}.kt-svg-icon-list-item-3275_059f7e-01 .kt-svg-icon-list-text mark.kt-highlight{background-color:unset;font-style:normal;color:#f76a0c;-webkit-box-decoration-break:clone;box-decoration-break:clone;padding-top:0px;padding-right:0px;padding-bottom:0px;padding-left:0px;}</style>
<li class="wp-block-kadence-listitem kt-svg-icon-list-item-wrap kt-svg-icon-list-item-3275_059f7e-01 kt-svg-icon-list-style-default"><a href="http://www.truebsee.ch/uebernachtung/lagerhaus" class="kt-svg-icon-link" target="_blank" rel="noopener noreferrer"><span class="kb-svg-icon-wrap kb-svg-icon-fe_externalLink kt-svg-icon-list-single"><svg viewBox="0 0 24 24"  fill="none" stroke="currentColor" stroke-width="2" stroke-linecap="round" stroke-linejoin="round" xmlns="http://www.w3.org/2000/svg"  aria-hidden="true"><path d="M18 13v6a2 2 0 0 1-2 2H5a2 2 0 0 1-2-2V8a2 2 0 0 1 2-2h6"/><polyline points="15 3 21 3 21 9"/><line x1="10" y1="14" x2="21" y2="3"/></svg></span><span class="kt-svg-icon-list-text">Website Lagerhaus</span></a></li>
</ul></div>



<p class="wp-block-paragraph"></p>

<p>Immer in der 1. Burgdorfer Frühlingsferienwoche findet unser traditionelles Skilager in Engelberg statt. Mit rund 40 Kinder und einem 10-köpfigen &#8230; </p>
<p class="read-more-container"><a title="Skilager" class="read-more button" href="https://www.kadetten-burgdorf.ch/website/?page_id=3275#more-3275" aria-label="Mehr Informationen über Skilager">WEITERLESEN</a></p>
